CRAN Package Check Results for Package strand

Last updated on 2020-09-20 06:48:32 CEST.

Flavor Version Tinstall Tcheck Ttotal Status Flags
r-devel-linux-x86_64-debian-clang 0.1.3 17.30 165.18 182.48 OK
r-devel-linux-x86_64-debian-gcc 0.1.3 13.06 124.86 137.92 OK
r-devel-linux-x86_64-fedora-clang 0.1.3 243.91 OK
r-devel-linux-x86_64-fedora-gcc 0.1.3 216.13 OK
r-devel-windows-ix86+x86_64 0.1.3 39.00 168.00 207.00 OK
r-patched-linux-x86_64 0.1.3 14.78 159.37 174.15 OK
r-release-linux-x86_64 0.1.3 17.53 158.34 175.87 OK
r-release-macos-x86_64 0.1.3 NOTE
r-release-windows-ix86+x86_64 0.1.3 34.00 204.00 238.00 OK
r-oldrel-macos-x86_64 0.1.3 NOTE
r-oldrel-windows-ix86+x86_64 0.1.3 21.00 196.00 217.00 OK

Check Details

Version: 0.1.3
Check: package dependencies
Result: NOTE
    Package suggested but not available for checking: ‘Rsymphony’
Flavors: r-release-macos-x86_64, r-oldrel-macos-x86_64