CRAN Package Check Results for Package stratEst

Last updated on 2019-07-16 07:51:06 CEST.

Flavor Version Tinstall Tcheck Ttotal Status Flags
r-devel-linux-x86_64-debian-clang 0.1.2 98.42 86.18 184.60 OK
r-devel-linux-x86_64-debian-gcc 0.1.2 69.89 65.93 135.82 OK
r-devel-linux-x86_64-fedora-clang 0.1.2 262.03 NOTE
r-devel-linux-x86_64-fedora-gcc 0.1.2 231.87 OK
r-devel-windows-ix86+x86_64 0.1.2 218.00 153.00 371.00 OK
r-patched-linux-x86_64 0.1.2 80.90 84.33 165.23 OK
r-patched-solaris-x86 0.1.2 258.20 OK
r-release-linux-x86_64 0.1.2 78.15 84.99 163.14 OK
r-release-windows-ix86+x86_64 0.1.2 173.00 207.00 380.00 OK
r-release-osx-x86_64 0.1.2 NOTE
r-oldrel-windows-ix86+x86_64 0.1.2 210.00 164.00 374.00 OK
r-oldrel-osx-x86_64 0.1.2 NOTE

Check Details

Version: 0.1.2
Check: installed package size
Result: NOTE
     installed size is 7.0Mb
     sub-directories of 1Mb or more:
     libs 6.4Mb
Flavors: r-devel-linux-x86_64-fedora-clang, r-release-osx-x86_64, r-oldrel-osx-x86_64