CRAN Package Check Results for Package stratEst

Last updated on 2019-10-14 05:47:10 CEST.

Flavor Version Tinstall Tcheck Ttotal Status Flags
r-devel-linux-x86_64-debian-clang 0.1.2 111.78 79.28 191.06 OK
r-devel-linux-x86_64-debian-gcc 0.1.2 75.78 59.36 135.14 OK
r-devel-linux-x86_64-fedora-clang 0.1.2 266.94 NOTE
r-devel-linux-x86_64-fedora-gcc 0.1.2 229.33 OK
r-devel-windows-ix86+x86_64 0.1.2 170.00 199.00 369.00 OK
r-patched-linux-x86_64 0.1.2 78.10 79.90 158.00 OK
r-patched-solaris-x86 0.1.2 235.80 OK
r-release-linux-x86_64 0.1.2 76.05 80.16 156.21 OK
r-release-windows-ix86+x86_64 0.1.2 224.00 159.00 383.00 OK
r-release-osx-x86_64 0.1.2 NOTE
r-oldrel-windows-ix86+x86_64 0.1.2 159.00 159.00 318.00 OK
r-oldrel-osx-x86_64 0.1.2 NOTE

Check Details

Version: 0.1.2
Check: installed package size
Result: NOTE
     installed size is 7.8Mb
     sub-directories of 1Mb or more:
     libs 7.1Mb
Flavors: r-devel-linux-x86_64-fedora-clang, r-release-osx-x86_64, r-oldrel-osx-x86_64