CRAN Package Check Results for Package stratamatch

Last updated on 2020-07-13 12:49:15 CEST.

Flavor Version Tinstall Tcheck Ttotal Status Flags
r-devel-linux-x86_64-debian-clang 0.1.5 8.95 87.74 96.69 OK
r-devel-linux-x86_64-debian-gcc 0.1.5 7.06 70.63 77.69 OK
r-devel-linux-x86_64-fedora-clang 0.1.5 124.30 OK
r-devel-linux-x86_64-fedora-gcc 0.1.5 124.24 OK
r-devel-windows-ix86+x86_64 0.1.5 19.00 102.00 121.00 OK
r-patched-linux-x86_64 0.1.5 5.60 85.45 91.05 OK
r-patched-solaris-x86 0.1.5 173.40 OK
r-release-linux-x86_64 0.1.5 6.89 86.28 93.17 OK
r-release-macos-x86_64 0.1.5 ERROR
r-release-windows-ix86+x86_64 0.1.5 32.00 90.00 122.00 OK
r-oldrel-macos-x86_64 0.1.5 OK
r-oldrel-windows-ix86+x86_64 0.1.5 16.00 99.00 115.00 OK

Check Details

Version: 0.1.5
Check: whether package can be installed
Result: ERROR
    Installation failed.
Flavor: r-release-macos-x86_64