CRAN Package Check Results for Package stratifyR

Last updated on 2019-08-24 06:47:32 CEST.

Flavor Version Tinstall Tcheck Ttotal Status Flags
r-devel-linux-x86_64-debian-clang 1.0-1 9.96 255.14 265.10 OK
r-devel-linux-x86_64-debian-gcc 1.0-1 9.55 189.82 199.37 OK
r-devel-linux-x86_64-fedora-clang 1.0-1 305.88 OK
r-devel-linux-x86_64-fedora-gcc 1.0-1 343.30 OK
r-devel-windows-ix86+x86_64 1.0-1 17.00 389.00 406.00 OK
r-patched-linux-x86_64 1.0-1 9.68 248.48 258.16 OK
r-patched-solaris-x86 1.0-1 573.10 OK
r-release-linux-x86_64 1.0-1 9.64 227.64 237.28 OK
r-release-windows-ix86+x86_64 1.0-1 24.00 0.00 24.00 FAIL
r-release-osx-x86_64 1.0-1 OK
r-oldrel-windows-ix86+x86_64 1.0-1 16.00 435.00 451.00 OK
r-oldrel-osx-x86_64 1.0-1 OK

Check Details

Version: 1.0-1
Check: package dependencies
Result: FAIL
    Check process probably crashed or hung up for 20 minutes ... killed
    Most likely this happened in the example checks (?),
    if not, ignore the following last lines of example output:
    
    ======== End of example output (where/before crash/hang up occured ?) ========
Flavor: r-release-windows-ix86+x86_64