CRAN Package Check Results for Package string2path

Last updated on 2021-10-16 15:51:02 CEST.

Flavor Version Tinstall Tcheck Ttotal Status Flags
r-devel-linux-x86_64-debian-clang 0.0.3 303.67 21.87 325.54 OK
r-devel-linux-x86_64-debian-gcc 0.0.3 225.92 17.52 243.44 OK
r-devel-linux-x86_64-fedora-clang 0.0.3 243.61 NOTE
r-devel-linux-x86_64-fedora-gcc 0.0.3 228.80 NOTE
r-devel-windows-x86_64 0.0.3 9.00 43.00 52.00 OK
r-devel-windows-x86_64-gcc10-UCRT 0.0.3 NOTE
r-patched-linux-x86_64 0.0.3 299.90 21.41 321.31 OK
r-release-linux-x86_64 0.0.3 302.93 21.30 324.23 OK
r-release-macos-arm64 0.0.3 NOTE
r-release-macos-x86_64 0.0.3 NOTE
r-release-windows-ix86+x86_64 0.0.3 14.00 74.00 88.00 OK
r-oldrel-macos-x86_64 0.0.3 NOTE
r-oldrel-windows-ix86+x86_64 0.0.3 15.00 81.00 96.00 OK

Check Details

Version: 0.0.3
Check: dependencies in R code
Result: NOTE
    Namespace in Imports field not imported from: ‘tibble’
     All declared Imports should be used.
Flavors: r-devel-linux-x86_64-fedora-clang, r-devel-linux-x86_64-fedora-gcc, r-devel-windows-x86_64-gcc10-UCRT, r-release-macos-arm64, r-release-macos-x86_64, r-oldrel-macos-x86_64

Version: 0.0.3
Check: installed package size
Result: NOTE
     installed size is 6.7Mb
     sub-directories of 1Mb or more:
     libs 6.4Mb
Flavors: r-release-macos-arm64, r-release-macos-x86_64, r-oldrel-macos-x86_64