CRAN Package Check Results for Package stringi

Last updated on 2022-01-21 11:52:16 CET.

Flavor Version Tinstall Tcheck Ttotal Status Flags
r-devel-linux-x86_64-debian-clang 1.7.6 149.04 65.06 214.10 OK
r-devel-linux-x86_64-debian-gcc 1.7.6 97.23 50.76 147.99 OK
r-devel-linux-x86_64-fedora-clang 1.7.6 328.10 NOTE
r-devel-linux-x86_64-fedora-gcc 1.7.6 258.14 OK
r-devel-windows-x86_64-new-UL 1.7.6 1864.00 199.00 2063.00 WARN
r-devel-windows-x86_64-new-TK 1.7.6 WARN
r-patched-linux-x86_64 1.7.6 131.94 63.87 195.81 OK
r-release-linux-x86_64 1.7.6 124.00 63.08 187.08 OK
r-release-macos-arm64 1.7.6 NOTE
r-release-macos-x86_64 1.7.6 NOTE
r-release-windows-ix86+x86_64 1.7.6 1422.00 123.00 1545.00 NOTE
r-oldrel-macos-x86_64 1.7.6 NOTE
r-oldrel-windows-ix86+x86_64 1.7.6 1523.00 145.00 1668.00 NOTE

Additional issues

rchk valgrind

Check Details

Version: 1.7.6
Check: installed package size
Result: NOTE
     installed size is 5.8Mb
     sub-directories of 1Mb or more:
     libs 4.9Mb
Flavors: r-devel-linux-x86_64-fedora-clang, r-devel-windows-x86_64-new-UL, r-release-macos-arm64, r-release-macos-x86_64, r-release-windows-ix86+x86_64, r-oldrel-macos-x86_64, r-oldrel-windows-ix86+x86_64

Version: 1.7.6
Check: whether package can be installed
Result: WARN
    Found the following significant warnings:
     icu69/common/cstring.h:43:70: warning: 'char* strncpy(char*, const char*, size_t)' output may be truncated copying 156 bytes from a string of length 156 [-Wstringop-truncation]
Flavors: r-devel-windows-x86_64-new-UL, r-devel-windows-x86_64-new-TK