Last updated on 2022-06-29 17:50:30 CEST.
Flavor | Version | Tinstall | Tcheck | Ttotal | Status | Flags |
---|---|---|---|---|---|---|
r-devel-linux-x86_64-debian-clang | 1.4.0 | 3.46 | 37.48 | 40.94 | OK | |
r-devel-linux-x86_64-debian-gcc | 1.4.0 | 2.65 | 28.99 | 31.64 | OK | |
r-devel-linux-x86_64-fedora-clang | 1.4.0 | 61.23 | NOTE | |||
r-devel-linux-x86_64-fedora-gcc | 1.4.0 | 59.17 | NOTE | |||
r-devel-windows-x86_64 | 1.4.0 | 41.00 | 72.00 | 113.00 | OK | |
r-patched-linux-x86_64 | 1.4.0 | 5.27 | 35.79 | 41.06 | OK | |
r-release-linux-x86_64 | 1.4.0 | 3.34 | 36.48 | 39.82 | OK | |
r-release-macos-arm64 | 1.4.0 | 23.00 | NOTE | |||
r-release-macos-x86_64 | 1.4.0 | 30.00 | NOTE | |||
r-release-windows-x86_64 | 1.4.0 | 43.00 | 72.00 | 115.00 | OK | |
r-oldrel-macos-arm64 | 1.4.0 | 27.00 | NOTE | |||
r-oldrel-macos-x86_64 | 1.4.0 | 35.00 | NOTE | |||
r-oldrel-windows-ix86+x86_64 | 1.4.0 | 8.00 | 61.00 | 69.00 | OK |
Version: 1.4.0
Check: data for non-ASCII characters
Result: NOTE
Note: found 3 marked UTF-8 strings
Flavors: r-devel-linux-x86_64-fedora-clang, r-devel-linux-x86_64-fedora-gcc, r-release-macos-arm64, r-release-macos-x86_64, r-oldrel-macos-arm64, r-oldrel-macos-x86_64