CRAN Package Check Results for Package stringr

Last updated on 2020-03-30 18:49:15 CEST.

Flavor Version Tinstall Tcheck Ttotal Status Flags
r-devel-linux-x86_64-debian-clang 1.4.0 2.75 34.80 37.55 OK
r-devel-linux-x86_64-debian-gcc 1.4.0 2.14 27.88 30.02 OK
r-devel-linux-x86_64-fedora-clang 1.4.0 51.78 NOTE
r-devel-linux-x86_64-fedora-gcc 1.4.0 45.29 NOTE
r-devel-windows-ix86+x86_64 1.4.0 9.00 45.00 54.00 OK
r-devel-windows-ix86+x86_64-gcc8 1.4.0 8.00 51.00 59.00 OK
r-patched-linux-x86_64 1.4.0 2.64 34.02 36.66 OK
r-patched-solaris-x86 1.4.0 84.70 NOTE
r-release-linux-x86_64 1.4.0 2.12 32.06 34.18 OK
r-release-windows-ix86+x86_64 1.4.0 32.00 79.00 111.00 OK
r-release-osx-x86_64 1.4.0 NOTE
r-oldrel-windows-ix86+x86_64 1.4.0 6.00 69.00 75.00 OK
r-oldrel-osx-x86_64 1.4.0 NOTE

Check Details

Version: 1.4.0
Check: data for non-ASCII characters
Result: NOTE
     Note: found 3 marked UTF-8 strings
Flavors: r-devel-linux-x86_64-fedora-clang, r-devel-linux-x86_64-fedora-gcc, r-patched-solaris-x86, r-release-osx-x86_64, r-oldrel-osx-x86_64