CRAN Package Check Results for Package stringr

Last updated on 2017-11-24 20:51:22 CET.

Flavor Version Tinstall Tcheck Ttotal Status Flags
r-devel-linux-x86_64-debian-clang 1.2.0 1.46 51.95 53.41 OK
r-devel-linux-x86_64-debian-gcc 1.2.0 1.02 47.05 48.08 OK
r-devel-linux-x86_64-fedora-clang 1.2.0 34.64 NOTE
r-devel-linux-x86_64-fedora-gcc 1.2.0 33.09 NOTE
r-devel-windows-ix86+x86_64 1.2.0 4.00 62.00 66.00 OK
r-patched-linux-x86_64 1.2.0 1.18 53.49 54.67 OK
r-patched-solaris-x86 1.2.0 51.30 NOTE
r-release-linux-x86_64 1.2.0 1.56 57.77 59.33 OK
r-release-windows-ix86+x86_64 1.2.0 3.00 39.00 42.00 OK
r-release-osx-x86_64 1.2.0 NOTE
r-oldrel-windows-ix86+x86_64 1.2.0 5.00 38.00 43.00 OK
r-oldrel-osx-x86_64 1.2.0 NOTE

Check Details

Version: 1.2.0
Check: data for non-ASCII characters
Result: NOTE
     Note: found 3 marked UTF-8 strings
Flavors: r-devel-linux-x86_64-fedora-clang, r-devel-linux-x86_64-fedora-gcc, r-patched-solaris-x86, r-release-osx-x86_64, r-oldrel-osx-x86_64