CRAN Package Check Results for Package stringr

Last updated on 2017-03-23 21:53:10.

Flavor Version Tinstall Tcheck Ttotal Status Flags
r-devel-linux-x86_64-debian-clang 1.2.0 0.83 22.13 22.96 OK
r-devel-linux-x86_64-debian-gcc 1.2.0 0.89 19.75 20.65 OK
r-devel-linux-x86_64-fedora-clang 1.2.0 35.11 NOTE --no-stop-on-test-error
r-devel-linux-x86_64-fedora-gcc 1.2.0 34.28 NOTE --no-stop-on-test-error
r-devel-macos-x86_64-clang 1.2.0 30.99 NOTE --no-stop-on-test-error
r-devel-windows-ix86+x86_64 1.2.0 4.00 40.00 44.00 OK
r-patched-linux-x86_64 1.2.0 0.81 15.46 16.27 OK
r-patched-solaris-sparc 1.2.0 210.30 NOTE
r-patched-solaris-x86 1.2.0 52.40 NOTE
r-release-linux-x86_64 1.2.0 0.80 15.84 16.64 OK
r-release-osx-x86_64-mavericks 1.2.0 NOTE
r-release-windows-ix86+x86_64 1.2.0 7.00 34.00 41.00 OK
r-oldrel-windows-ix86+x86_64 1.2.0 8.00 48.00 56.00 NOTE

Check Details

Version: 1.2.0
Flags: --no-stop-on-test-error
Check: data for non-ASCII characters
Result: NOTE
     Note: found 3 marked UTF-8 strings
Flavors: r-devel-linux-x86_64-fedora-clang, r-devel-linux-x86_64-fedora-gcc, r-devel-macos-x86_64-clang

Version: 1.2.0
Check: data for non-ASCII characters
Result: NOTE
     Note: found 3 marked UTF-8 strings
Flavors: r-patched-solaris-sparc, r-patched-solaris-x86, r-release-osx-x86_64-mavericks, r-oldrel-windows-ix86+x86_64