Last updated on 2023-11-29 09:08:56 CET.
Flavor | Version | Tinstall | Tcheck | Ttotal | Status | Flags |
---|---|---|---|---|---|---|
r-devel-linux-x86_64-debian-clang | 1.5-3 | 11.40 | 100.98 | 112.38 | NOTE | |
r-devel-linux-x86_64-debian-gcc | 1.5-3 | 6.72 | 73.33 | 80.05 | NOTE | |
r-devel-linux-x86_64-fedora-clang | 1.5-3 | 142.77 | NOTE | |||
r-devel-linux-x86_64-fedora-gcc | 1.5-3 | 142.88 | NOTE | |||
r-devel-windows-x86_64 | 1.5-3 | 11.00 | 121.00 | 132.00 | NOTE | |
r-patched-linux-x86_64 | 1.5-3 | 11.13 | 97.22 | 108.35 | NOTE | |
r-release-linux-x86_64 | 1.5-3 | 9.57 | 97.82 | 107.39 | NOTE | |
r-release-macos-arm64 | 1.5-3 | 49.00 | NOTE | |||
r-release-macos-x86_64 | 1.5-3 | 79.00 | NOTE | |||
r-release-windows-x86_64 | 1.5-3 | 16.00 | 134.00 | 150.00 | NOTE | |
r-oldrel-macos-arm64 | 1.5-3 | 43.00 | NOTE | |||
r-oldrel-macos-x86_64 | 1.5-3 | 57.00 | NOTE | |||
r-oldrel-windows-x86_64 | 1.5-3 | 14.00 | 137.00 | 151.00 | NOTE |
Version: 1.5-3
Check: R code for possible problems
Result: NOTE
efpFunctional: multiple local function definitions for ‘plotProcess’
with different formal arguments
mefp.efp: multiple local function definitions for ‘computeEmpProc’ with
different formal arguments
Flavors: r-devel-linux-x86_64-debian-clang, r-devel-linux-x86_64-debian-gcc, r-devel-linux-x86_64-fedora-clang, r-devel-linux-x86_64-fedora-gcc, r-devel-windows-x86_64, r-patched-linux-x86_64, r-release-linux-x86_64, r-release-macos-arm64, r-release-macos-x86_64, r-release-windows-x86_64, r-oldrel-macos-arm64, r-oldrel-macos-x86_64, r-oldrel-windows-x86_64