CRAN Package Check Results for Package strucchange

Last updated on 2020-11-30 12:49:26 CET.

Flavor Version Tinstall Tcheck Ttotal Status Flags
r-devel-linux-x86_64-debian-clang 1.5-2 11.79 106.14 117.93 NOTE
r-devel-linux-x86_64-debian-gcc 1.5-2 8.00 80.66 88.66 NOTE
r-devel-linux-x86_64-fedora-clang 1.5-2 140.73 NOTE
r-devel-linux-x86_64-fedora-gcc 1.5-2 129.50 NOTE
r-devel-windows-ix86+x86_64 1.5-2 19.00 123.00 142.00 NOTE
r-patched-linux-x86_64 1.5-2 11.58 108.81 120.39 NOTE
r-patched-solaris-x86 1.5-2 164.00 NOTE
r-release-linux-x86_64 1.5-2 11.40 103.75 115.15 NOTE
r-release-macos-x86_64 1.5-2 NOTE
r-release-windows-ix86+x86_64 1.5-2 19.00 128.00 147.00 NOTE
r-oldrel-macos-x86_64 1.5-2 NOTE
r-oldrel-windows-ix86+x86_64 1.5-2 17.00 153.00 170.00 NOTE

Additional issues

rchk

Check Details

Version: 1.5-2
Check: R code for possible problems
Result: NOTE
    efpFunctional: multiple local function definitions for 'plotProcess'
     with different formal arguments
    mefp.efp: multiple local function definitions for 'computeEmpProc' with
     different formal arguments
Flavors: r-devel-linux-x86_64-debian-clang, r-devel-linux-x86_64-debian-gcc, r-devel-linux-x86_64-fedora-clang, r-devel-linux-x86_64-fedora-gcc, r-devel-windows-ix86+x86_64, r-patched-linux-x86_64, r-patched-solaris-x86, r-release-linux-x86_64, r-release-macos-x86_64, r-release-windows-ix86+x86_64, r-oldrel-macos-x86_64, r-oldrel-windows-ix86+x86_64