CRAN Package Check Results for Package strucchange

Last updated on 2021-06-24 01:50:38 CEST.

Flavor Version Tinstall Tcheck Ttotal Status Flags
r-devel-linux-x86_64-debian-clang 1.5-2 9.87 110.47 120.34 NOTE
r-devel-linux-x86_64-debian-gcc 1.5-2 7.15 80.47 87.62 NOTE
r-devel-linux-x86_64-fedora-clang 1.5-2 147.00 NOTE
r-devel-linux-x86_64-fedora-gcc 1.5-2 130.45 NOTE
r-devel-windows-x86_64 1.5-2 15.00 130.00 145.00 NOTE
r-devel-windows-x86_64-gcc10-UCRT 1.5-2 NOTE
r-patched-linux-x86_64 1.5-2 11.26 104.83 116.09 NOTE
r-patched-solaris-x86 1.5-2 179.10 NOTE
r-release-linux-x86_64 1.5-2 8.69 105.67 114.36 NOTE
r-release-macos-arm64 1.5-2 NOTE
r-release-macos-x86_64 1.5-2 NOTE
r-release-windows-ix86+x86_64 1.5-2 18.00 174.00 192.00 NOTE
r-oldrel-macos-x86_64 1.5-2 NOTE

Additional issues

rchk

Check Details

Version: 1.5-2
Check: R code for possible problems
Result: NOTE
    efpFunctional: multiple local function definitions for 'plotProcess'
     with different formal arguments
    mefp.efp: multiple local function definitions for 'computeEmpProc' with
     different formal arguments
Flavors: r-devel-linux-x86_64-debian-clang, r-devel-linux-x86_64-debian-gcc, r-devel-linux-x86_64-fedora-clang, r-devel-linux-x86_64-fedora-gcc, r-devel-windows-x86_64, r-devel-windows-x86_64-gcc10-UCRT, r-patched-linux-x86_64, r-patched-solaris-x86, r-release-linux-x86_64, r-release-macos-arm64, r-release-macos-x86_64, r-release-windows-ix86+x86_64, r-oldrel-macos-x86_64

Version: 1.5-2
Check: package dependencies
Result: NOTE
    Packages suggested but not available for checking:
     'car', 'dynlm', 'tseries'
Flavor: r-devel-windows-x86_64-gcc10-UCRT

Version: 1.5-2
Check: Rd cross-references
Result: NOTE
    Package unavailable to check Rd xrefs: 'tseries'
Flavor: r-devel-windows-x86_64-gcc10-UCRT