Last updated on 2025-04-30 11:52:29 CEST.
Flavor | Version | Tinstall | Tcheck | Ttotal | Status | Flags |
---|---|---|---|---|---|---|
r-devel-linux-x86_64-debian-clang | 1.5-4-1.0.0 | 67.87 | 69.52 | 137.39 | OK | |
r-devel-linux-x86_64-debian-gcc | 1.5-4-1.0.0 | 49.29 | 48.68 | 97.97 | OK | |
r-devel-linux-x86_64-fedora-clang | 1.5-4-1.0.0 | 253.55 | OK | |||
r-devel-linux-x86_64-fedora-gcc | 1.5-4-1.0.0 | 248.34 | OK | |||
r-devel-windows-x86_64 | 1.5-4-1.0.0 | 81.00 | 131.00 | 212.00 | OK | |
r-patched-linux-x86_64 | 1.5-4-1.0.0 | 74.03 | 64.54 | 138.57 | OK | |
r-release-linux-x86_64 | 1.5-4-1.0.0 | 70.15 | 65.59 | 135.74 | OK | |
r-release-macos-arm64 | 1.5-4-1.0.0 | 73.00 | OK | |||
r-release-macos-x86_64 | 1.5-4-1.0.0 | 139.00 | OK | |||
r-release-windows-x86_64 | 1.5-4-1.0.0 | 81.00 | 126.00 | 207.00 | OK | |
r-oldrel-macos-arm64 | 1.5-4-1.0.0 | 66.00 | NOTE | |||
r-oldrel-macos-x86_64 | 1.5-4-1.0.0 | 117.00 | NOTE | |||
r-oldrel-windows-x86_64 | 1.5-4-1.0.0 | 91.00 | 150.00 | 241.00 | OK |
Version: 1.5-4-1.0.0
Check: installed package size
Result: NOTE
installed size is 5.3Mb
sub-directories of 1Mb or more:
libs 4.2Mb
Flavors: r-oldrel-macos-arm64, r-oldrel-macos-x86_64