CRAN Package Check Results for Package stsm

Last updated on 2022-05-24 00:51:54 CEST.

Flavor Version Tinstall Tcheck Ttotal Status Flags
r-devel-linux-x86_64-debian-clang 1.9 12.93 73.15 86.08 OK
r-devel-linux-x86_64-debian-gcc 1.9 9.79 54.35 64.14 OK
r-devel-linux-x86_64-fedora-clang 1.9 103.50 NOTE
r-devel-linux-x86_64-fedora-gcc 1.9 91.32 NOTE
r-devel-windows-x86_64 1.9 43.00 103.00 146.00 OK
r-patched-linux-x86_64 1.9 15.31 67.38 82.69 OK
r-release-linux-x86_64 1.9 OK
r-release-macos-arm64 1.9 33.00 OK
r-release-macos-x86_64 1.9 42.00 OK
r-release-windows-x86_64 1.9 43.00 103.00 146.00 OK
r-oldrel-macos-arm64 1.9 43.00 OK
r-oldrel-macos-x86_64 1.9 47.00 OK
r-oldrel-windows-ix86+x86_64 1.9 28.00 116.00 144.00 OK

Check Details

Version: 1.9
Check: compiled code
Result: NOTE
    File ‘stsm/libs/stsm.so’:
     Found no calls to: ‘R_registerRoutines’, ‘R_useDynamicSymbols’
    
    It is good practice to register native routines and to disable symbol
    search.
    
    See ‘Writing portable packages’ in the ‘Writing R Extensions’ manual.
Flavors: r-devel-linux-x86_64-fedora-clang, r-devel-linux-x86_64-fedora-gcc