CRAN Package Check Results for Package stuart

Last updated on 2022-08-11 05:54:42 CEST.

Flavor Version Tinstall Tcheck Ttotal Status Flags
r-devel-linux-x86_64-debian-clang 0.10.0 10.72 85.02 95.74 OK
r-devel-linux-x86_64-debian-gcc 0.10.0 5.82 62.26 68.08 OK
r-devel-linux-x86_64-fedora-clang 0.10.0 121.13 NOTE
r-devel-linux-x86_64-fedora-gcc 0.10.0 116.77 NOTE
r-devel-windows-x86_64 0.10.0 23.00 101.00 124.00 OK
r-patched-linux-x86_64 0.10.0 9.05 77.59 86.64 OK
r-release-linux-x86_64 0.10.0 OK
r-release-macos-arm64 0.10.0 33.00 NOTE
r-release-macos-x86_64 0.10.0 41.00 NOTE
r-release-windows-x86_64 0.10.0 17.00 101.00 118.00 OK
r-oldrel-macos-arm64 0.10.0 29.00 NOTE
r-oldrel-macos-x86_64 0.10.0 41.00 NOTE
r-oldrel-windows-ix86+x86_64 0.10.0 15.00 98.00 113.00 OK

Check Details

Version: 0.10.0
Check: data for non-ASCII characters
Result: NOTE
     Note: found 83 marked UTF-8 strings
Flavors: r-devel-linux-x86_64-fedora-clang, r-devel-linux-x86_64-fedora-gcc, r-release-macos-arm64, r-release-macos-x86_64, r-oldrel-macos-arm64, r-oldrel-macos-x86_64