Last updated on 2023-12-08 20:55:25 CET.
Flavor | Version | Tinstall | Tcheck | Ttotal | Status | Flags |
---|---|---|---|---|---|---|
r-devel-linux-x86_64-debian-clang | 0.1.0 | 17.18 | 270.27 | 287.45 | OK | |
r-devel-linux-x86_64-debian-gcc | 0.1.0 | 13.40 | 208.18 | 221.58 | OK | |
r-devel-linux-x86_64-fedora-clang | 0.1.0 | 351.35 | OK | |||
r-devel-linux-x86_64-fedora-gcc | 0.1.0 | 360.42 | OK | |||
r-devel-windows-x86_64 | 0.1.0 | 15.00 | 231.00 | 246.00 | OK | |
r-patched-linux-x86_64 | 0.1.0 | 10.83 | 261.43 | 272.26 | OK | |
r-release-linux-x86_64 | 0.1.0 | 9.01 | 259.94 | 268.95 | OK | |
r-release-macos-arm64 | 0.1.0 | 103.00 | NOTE | |||
r-release-macos-x86_64 | 0.1.0 | 174.00 | NOTE | |||
r-release-windows-x86_64 | 0.1.0 | 19.00 | 301.00 | 320.00 | OK | |
r-oldrel-macos-arm64 | 0.1.0 | 86.00 | NOTE | |||
r-oldrel-macos-x86_64 | 0.1.0 | 132.00 | OK | |||
r-oldrel-windows-x86_64 | 0.1.0 | 20.00 | 298.00 | 318.00 | OK |
Version: 0.1.0
Check: installed package size
Result: NOTE
installed size is 5.1Mb
sub-directories of 1Mb or more:
data 3.1Mb
doc 1.3Mb
Flavors: r-release-macos-arm64, r-release-macos-x86_64, r-oldrel-macos-arm64