Last updated on 2021-01-25 05:47:41 CET.
Flavor | Version | Tinstall | Tcheck | Ttotal | Status | Flags |
---|---|---|---|---|---|---|
r-devel-linux-x86_64-debian-clang | 1.3 | 6.06 | 49.13 | 55.19 | OK | |
r-devel-linux-x86_64-debian-gcc | 1.3 | 4.39 | 39.21 | 43.60 | OK | |
r-devel-linux-x86_64-fedora-clang | 1.3 | 75.65 | OK | |||
r-devel-linux-x86_64-fedora-gcc | 1.3 | 66.80 | OK | |||
r-devel-windows-ix86+x86_64 | 1.3 | 12.00 | 70.00 | 82.00 | OK | |
r-patched-linux-x86_64 | 1.3 | 5.46 | 48.71 | 54.17 | OK | |
r-patched-solaris-x86 | 1.3 | 101.90 | OK | |||
r-release-linux-x86_64 | 1.3 | 5.52 | 48.55 | 54.07 | OK | |
r-release-macos-x86_64 | 1.3 | OK | ||||
r-release-windows-ix86+x86_64 | 1.3 | 13.00 | 50.00 | 63.00 | OK | |
r-oldrel-macos-x86_64 | 1.3 | FAIL | ||||
r-oldrel-windows-ix86+x86_64 | 1.3 | 9.00 | 63.00 | 72.00 | OK |
Version: 1.3
Check: whether package can be installed
Result: FAIL
Flavor: r-oldrel-macos-x86_64