CRAN Package Check Results for Package sublime

Last updated on 2019-07-20 15:47:03 CEST.

Flavor Version Tinstall Tcheck Ttotal Status Flags
r-devel-linux-x86_64-debian-clang 1.3 5.32 40.84 46.16 OK
r-devel-linux-x86_64-debian-gcc 1.3 4.18 34.21 38.39 OK
r-devel-linux-x86_64-fedora-clang 1.3 56.52 OK
r-devel-linux-x86_64-fedora-gcc 1.3 56.93 OK
r-devel-windows-ix86+x86_64 1.3 13.00 87.00 100.00 OK
r-patched-linux-x86_64 1.3 4.44 42.47 46.91 OK
r-patched-solaris-x86 1.3 78.10 OK
r-release-linux-x86_64 1.3 5.02 42.90 47.92 OK
r-release-windows-ix86+x86_64 1.3 11.00 57.00 68.00 OK
r-release-osx-x86_64 1.3 FAIL
r-oldrel-windows-ix86+x86_64 1.3 7.00 76.00 83.00 OK
r-oldrel-osx-x86_64 1.3 OK

Check Details

Version: 1.3
Check: whether package can be installed
Result: FAIL
    
Flavor: r-release-osx-x86_64