CRAN Package Check Results for Package sublime

Last updated on 2019-11-14 21:47:16 CET.

Flavor Version Tinstall Tcheck Ttotal Status Flags
r-devel-linux-x86_64-debian-clang 1.3 4.88 42.65 47.53 OK
r-devel-linux-x86_64-debian-gcc 1.3 4.15 34.12 38.27 OK
r-devel-linux-x86_64-fedora-clang 1.3 60.62 OK
r-devel-linux-x86_64-fedora-gcc 1.3 59.98 OK
r-devel-windows-ix86+x86_64 1.3 22.00 76.00 98.00 OK
r-patched-linux-x86_64 1.3 4.76 41.68 46.44 OK
r-patched-solaris-x86 1.3 90.40 OK
r-release-linux-x86_64 1.3 4.95 42.97 47.92 OK
r-release-windows-ix86+x86_64 1.3 10.00 78.00 88.00 OK
r-release-osx-x86_64 1.3 FAIL
r-oldrel-windows-ix86+x86_64 1.3 7.00 88.00 95.00 OK
r-oldrel-osx-x86_64 1.3 OK

Check Details

Version: 1.3
Check: whether package can be installed
Result: FAIL
    
Flavor: r-release-osx-x86_64