CRAN Package Check Results for Package subscreen

Last updated on 2019-05-24 16:47:54 CEST.

Flavor Version Tinstall Tcheck Ttotal Status Flags
r-devel-linux-x86_64-debian-clang 2.0.1 2.83 30.63 33.46 OK
r-devel-linux-x86_64-debian-gcc 2.0.1 2.20 24.75 26.95 OK
r-devel-linux-x86_64-fedora-clang 2.0.1 40.23 NOTE
r-devel-linux-x86_64-fedora-gcc 2.0.1 39.32 NOTE
r-devel-windows-ix86+x86_64 2.0.1 7.00 61.00 68.00 OK
r-patched-linux-x86_64 2.0.1 2.94 31.08 34.02 OK
r-patched-solaris-x86 2.0.1 69.40 NOTE
r-release-linux-x86_64 2.0.1 2.82 30.94 33.76 OK
r-release-windows-ix86+x86_64 2.0.1 10.00 65.00 75.00 OK
r-release-osx-x86_64 2.0.1 NOTE
r-oldrel-windows-ix86+x86_64 2.0.1 9.00 47.00 56.00 OK
r-oldrel-osx-x86_64 2.0.1 NOTE

Check Details

Version: 2.0.1
Check: dependencies in R code
Result: NOTE
    Namespaces in Imports field not imported from:
     ‘DT’ ‘V8’ ‘bsplus’ ‘colourpicker’ ‘dplyr’ ‘grDevices’ ‘graphics’
     ‘jsonlite’ ‘shinyjs’
     All declared Imports should be used.
Flavors: r-devel-linux-x86_64-fedora-clang, r-devel-linux-x86_64-fedora-gcc, r-patched-solaris-x86, r-release-osx-x86_64, r-oldrel-osx-x86_64