CRAN Package Check Results for Package subsemble

Last updated on 2025-01-26 08:48:39 CET.

Flavor Version Tinstall Tcheck Ttotal Status Flags
r-devel-linux-x86_64-debian-clang 0.1.0 2.12 22.05 24.17 OK
r-devel-linux-x86_64-debian-gcc 0.1.0 1.69 18.14 19.83 OK
r-devel-linux-x86_64-fedora-clang 0.1.0 39.71 OK
r-devel-linux-x86_64-fedora-gcc 0.1.0 36.01 OK
r-devel-windows-x86_64 0.1.0 4.00 43.00 47.00 OK
r-patched-linux-x86_64 0.1.0 1.77 20.74 22.51 OK
r-release-linux-x86_64 0.1.0 2.15 21.06 23.21 OK
r-release-macos-arm64 0.1.0 16.00 OK
r-release-macos-x86_64 0.1.0 31.00 OK
r-release-windows-x86_64 0.1.0 4.00 48.00 52.00 OK
r-oldrel-macos-arm64 0.1.0 20.00 OK
r-oldrel-macos-x86_64 0.1.0 22.00 NOTE
r-oldrel-windows-x86_64 0.1.0 4.00 47.00 51.00 OK

Check Details

Version: 0.1.0
Check: package dependencies
Result: NOTE Packages suggested but not available for checking: 'arm', 'caret', 'party' Flavor: r-oldrel-macos-x86_64