CRAN Package Check Results for Package subspace

Last updated on 2019-09-23 13:46:32 CEST.

Flavor Version Tinstall Tcheck Ttotal Status Flags
r-devel-linux-x86_64-debian-clang 1.0.4 4.90 54.35 59.25 OK
r-devel-linux-x86_64-debian-gcc 1.0.4 4.76 43.06 47.82 OK
r-devel-linux-x86_64-fedora-clang 1.0.4 77.94 OK
r-devel-linux-x86_64-fedora-gcc 1.0.4 72.03 OK
r-devel-windows-ix86+x86_64 1.0.4 20.00 6.00 26.00 ERROR
r-patched-linux-x86_64 1.0.4 5.47 52.37 57.84 OK
r-patched-solaris-x86 1.0.4 104.50 OK
r-release-linux-x86_64 1.0.4 4.98 54.44 59.42 OK
r-release-windows-ix86+x86_64 1.0.4 23.00 94.00 117.00 OK
r-release-osx-x86_64 1.0.4 OK
r-oldrel-windows-ix86+x86_64 1.0.4 9.00 66.00 75.00 OK
r-oldrel-osx-x86_64 1.0.4 OK

Check Details

Version: 1.0.4
Check: whether package can be installed
Result: ERROR
    Installation failed.
Flavor: r-devel-windows-ix86+x86_64