CRAN Package Check Results for Package suggests

Last updated on 2024-03-04 05:55:07 CET.

Flavor Version Tinstall Tcheck Ttotal Status Flags
r-devel-linux-x86_64-debian-clang 0.1.0 1.67 23.01 24.68 NOTE
r-devel-linux-x86_64-debian-gcc 0.1.0 1.77 17.92 19.69 NOTE
r-devel-linux-x86_64-fedora-clang 0.1.0 31.62 NOTE
r-devel-linux-x86_64-fedora-gcc 0.1.0 30.10 NOTE
r-devel-windows-x86_64 0.1.0 2.00 41.00 43.00 NOTE
r-patched-linux-x86_64 0.1.0 2.09 22.91 25.00 OK
r-release-linux-x86_64 0.1.0 1.88 23.02 24.90 OK
r-release-macos-arm64 0.1.0 17.00 OK
r-release-macos-x86_64 0.1.0 34.00 OK
r-release-windows-x86_64 0.1.0 3.00 41.00 44.00 OK
r-oldrel-macos-arm64 0.1.0 18.00 OK
r-oldrel-windows-x86_64 0.1.0 4.00 45.00 49.00 OK

Check Details

Version: 0.1.0
Check: Rd files
Result: NOTE checkRd: (-1) suggests.Rd:14: Lost braces; missing escapes or markup? 14 | {suggests} aims to make that workflow as minimal and painless as possible, | ^ Flavors: r-devel-linux-x86_64-debian-clang, r-devel-linux-x86_64-debian-gcc, r-devel-linux-x86_64-fedora-clang, r-devel-linux-x86_64-fedora-gcc, r-devel-windows-x86_64