CRAN Package Check Results for Package summariser

Last updated on 2021-05-13 03:49:07 CEST.

Flavor Version Tinstall Tcheck Ttotal Status Flags
r-devel-linux-x86_64-debian-clang 2.3.0 1.76 23.67 25.43 NOTE
r-devel-linux-x86_64-debian-gcc 2.3.0 1.35 18.66 20.01 NOTE
r-devel-linux-x86_64-fedora-clang 2.3.0 41.03 NOTE
r-devel-linux-x86_64-fedora-gcc 2.3.0 30.46 NOTE
r-devel-windows-ix86+x86_64 2.3.0 6.00 28.00 34.00 NOTE
r-devel-windows-x86_64-gcc10-UCRT 2.3.0 NOTE
r-patched-linux-x86_64 2.3.0 1.70 22.98 24.68 NOTE
r-patched-solaris-x86 2.3.0 51.40 NOTE
r-release-linux-x86_64 2.3.0 1.93 23.24 25.17 OK
r-release-macos-x86_64 2.3.0 OK
r-release-windows-ix86+x86_64 2.3.0 4.00 44.00 48.00 OK
r-oldrel-macos-x86_64 2.3.0 OK
r-oldrel-windows-ix86+x86_64 2.3.0 3.00 35.00 38.00 OK

Check Details

Version: 2.3.0
Check: LazyData
Result: NOTE
     'LazyData' is specified without a 'data' directory
Flavors: r-devel-linux-x86_64-debian-clang, r-devel-linux-x86_64-debian-gcc, r-devel-linux-x86_64-fedora-clang, r-devel-linux-x86_64-fedora-gcc, r-devel-windows-ix86+x86_64, r-devel-windows-x86_64-gcc10-UCRT, r-patched-linux-x86_64, r-patched-solaris-x86