Last updated on 2021-04-14 09:49:11 CEST.
Flavor | Version | Tinstall | Tcheck | Ttotal | Status | Flags |
---|---|---|---|---|---|---|
r-devel-linux-x86_64-debian-clang | 0.1.4 | 90.57 | 44.35 | 134.92 | NOTE | |
r-devel-linux-x86_64-debian-gcc | 0.1.4 | 57.40 | 32.24 | 89.64 | NOTE | |
r-devel-linux-x86_64-fedora-clang | 0.1.4 | 207.66 | NOTE | |||
r-devel-linux-x86_64-fedora-gcc | 0.1.4 | 163.58 | NOTE | |||
r-devel-windows-ix86+x86_64 | 0.1.4 | 234.00 | 101.00 | 335.00 | NOTE | |
r-devel-windows-x86_64-gcc10-UCRT | 0.1.4 | NOTE | ||||
r-patched-linux-x86_64 | 0.1.4 | 67.27 | 40.19 | 107.46 | OK | |
r-patched-solaris-x86 | 0.1.4 | 164.30 | OK | |||
r-release-linux-x86_64 | 0.1.4 | 73.40 | 39.61 | 113.01 | OK | |
r-release-macos-x86_64 | 0.1.4 | NOTE | ||||
r-release-windows-ix86+x86_64 | 0.1.4 | 157.00 | 100.00 | 257.00 | OK | |
r-oldrel-macos-x86_64 | 0.1.4 | NOTE | ||||
r-oldrel-windows-ix86+x86_64 | 0.1.4 | 194.00 | 74.00 | 268.00 | OK |
Version: 0.1.4
Check: LazyData
Result: NOTE
'LazyData' is specified without a 'data' directory
Flavors: r-devel-linux-x86_64-debian-clang, r-devel-linux-x86_64-debian-gcc, r-devel-linux-x86_64-fedora-clang, r-devel-linux-x86_64-fedora-gcc, r-devel-windows-ix86+x86_64, r-devel-windows-x86_64-gcc10-UCRT
Version: 0.1.4
Check: installed package size
Result: NOTE
installed size is 6.9Mb
sub-directories of 1Mb or more:
libs 3.6Mb
Flavors: r-devel-linux-x86_64-fedora-clang, r-release-macos-x86_64, r-oldrel-macos-x86_64