CRAN Package Check Results for Package superMDS

Last updated on 2021-08-01 01:52:07 CEST.

Flavor Version Tinstall Tcheck Ttotal Status Flags
r-devel-linux-x86_64-debian-clang 1.0.2 2.09 31.24 33.33 NOTE
r-devel-linux-x86_64-debian-gcc 1.0.2 1.86 24.45 26.31 NOTE
r-devel-linux-x86_64-fedora-clang 1.0.2 48.38 NOTE
r-devel-linux-x86_64-fedora-gcc 1.0.2 38.92 NOTE
r-devel-windows-x86_64 1.0.2 3.00 43.00 46.00 NOTE
r-devel-windows-x86_64-gcc10-UCRT 1.0.2 NOTE
r-patched-linux-x86_64 1.0.2 NOTE
r-patched-solaris-x86 1.0.2 60.10 NOTE
r-release-linux-x86_64 1.0.2 2.15 30.01 32.16 NOTE
r-release-macos-arm64 1.0.2 NOTE
r-release-macos-x86_64 1.0.2 NOTE
r-release-windows-ix86+x86_64 1.0.2 4.00 33.00 37.00 NOTE
r-oldrel-macos-x86_64 1.0.2 NOTE
r-oldrel-windows-ix86+x86_64 1.0.2 4.00 34.00 38.00 NOTE

Check Details

Version: 1.0.2
Check: R code for possible problems
Result: NOTE
    TrainSuperMDS: no visible global function definition for 'rnorm'
    TrainSuperMDSOnce: no visible global function definition for 'cmdscale'
    TrainSuperMDSOnce: no visible global function definition for 'quantile'
    distmat: no visible global function definition for 'dist'
    Undefined global functions or variables:
     cmdscale dist quantile rnorm
    Consider adding
     importFrom("stats", "cmdscale", "dist", "quantile", "rnorm")
    to your NAMESPACE file.
Flavors: r-devel-linux-x86_64-debian-clang, r-devel-linux-x86_64-debian-gcc, r-devel-linux-x86_64-fedora-clang, r-devel-linux-x86_64-fedora-gcc, r-devel-windows-x86_64, r-devel-windows-x86_64-gcc10-UCRT, r-patched-linux-x86_64, r-patched-solaris-x86, r-release-linux-x86_64, r-release-macos-arm64, r-release-macos-x86_64, r-release-windows-ix86+x86_64, r-oldrel-macos-x86_64, r-oldrel-windows-ix86+x86_64