CRAN Package Check Results for Package superdiag

Last updated on 2020-07-12 02:47:00 CEST.

Flavor Version Tinstall Tcheck Ttotal Status Flags
r-devel-linux-x86_64-debian-clang 1.1 2.32 21.37 23.69 NOTE
r-devel-linux-x86_64-debian-gcc 1.1 1.90 16.98 18.88 NOTE
r-devel-linux-x86_64-fedora-clang 1.1 37.18 NOTE
r-devel-linux-x86_64-fedora-gcc 1.1 27.84 NOTE
r-devel-windows-ix86+x86_64 1.1 8.00 41.00 49.00 NOTE
r-patched-linux-x86_64 1.1 2.41 21.21 23.62 NOTE
r-patched-solaris-x86 1.1 46.60 NOTE
r-release-linux-x86_64 1.1 2.10 21.18 23.28 NOTE
r-release-macos-x86_64 1.1 NOTE
r-release-windows-ix86+x86_64 1.1 9.00 35.00 44.00 NOTE
r-oldrel-macos-x86_64 1.1 NOTE
r-oldrel-windows-ix86+x86_64 1.1 5.00 42.00 47.00 NOTE

Check Details

Version: 1.1
Check: dependencies in R code
Result: NOTE
    Packages in Depends field not imported from:
     'boa' 'coda'
     These packages need to be imported from (in the NAMESPACE file)
     for when this namespace is loaded but not attached.
Flavors: r-devel-linux-x86_64-debian-clang, r-devel-linux-x86_64-debian-gcc, r-devel-linux-x86_64-fedora-clang, r-devel-linux-x86_64-fedora-gcc, r-devel-windows-ix86+x86_64, r-patched-linux-x86_64, r-patched-solaris-x86, r-release-linux-x86_64, r-release-macos-x86_64, r-release-windows-ix86+x86_64, r-oldrel-macos-x86_64, r-oldrel-windows-ix86+x86_64

Version: 1.1
Check: R code for possible problems
Result: NOTE
    superdiag: no visible global function definition for 'as.mcmc.list'
    superdiag: no visible global function definition for 'as.mcmc'
    superdiag: no visible global function definition for 'runif'
    superdiag: no visible global function definition for 'geweke.diag'
    superdiag: no visible global function definition for 'heidel.diag'
    superdiag: no visible global function definition for 'raftery.diag'
    superdiag: no visible global function definition for 'gelman.diag'
    Undefined global functions or variables:
     as.mcmc as.mcmc.list gelman.diag geweke.diag heidel.diag raftery.diag
     runif
    Consider adding
     importFrom("stats", "runif")
    to your NAMESPACE file.
Flavors: r-devel-linux-x86_64-debian-clang, r-devel-linux-x86_64-debian-gcc, r-devel-linux-x86_64-fedora-clang, r-devel-linux-x86_64-fedora-gcc, r-devel-windows-ix86+x86_64, r-patched-linux-x86_64, r-patched-solaris-x86, r-release-linux-x86_64, r-release-macos-x86_64, r-release-windows-ix86+x86_64, r-oldrel-macos-x86_64, r-oldrel-windows-ix86+x86_64