CRAN Package Check Results for Package superheat

Last updated on 2021-09-24 10:50:20 CEST.

Flavor Version Tinstall Tcheck Ttotal Status Flags
r-devel-linux-x86_64-debian-clang 0.1.0 4.21 138.77 142.98 NOTE
r-devel-linux-x86_64-debian-gcc 0.1.0 3.63 98.51 102.14 NOTE
r-devel-linux-x86_64-fedora-clang 0.1.0 165.54 NOTE
r-devel-linux-x86_64-fedora-gcc 0.1.0 156.81 NOTE
r-devel-windows-x86_64 0.1.0 5.00 120.00 125.00 NOTE
r-devel-windows-x86_64-gcc10-UCRT 0.1.0 NOTE
r-patched-linux-x86_64 0.1.0 4.23 128.57 132.80 NOTE
r-patched-solaris-x86 0.1.0 199.40 NOTE
r-release-linux-x86_64 0.1.0 3.60 127.61 131.21 NOTE
r-release-macos-arm64 0.1.0 NOTE
r-release-macos-x86_64 0.1.0 NOTE
r-release-windows-ix86+x86_64 0.1.0 9.00 120.00 129.00 NOTE
r-oldrel-macos-x86_64 0.1.0 OK
r-oldrel-windows-ix86+x86_64 0.1.0 6.00 111.00 117.00 OK

Check Details

Version: 0.1.0
Check: LazyData
Result: NOTE
     'LazyData' is specified without a 'data' directory
Flavors: r-devel-linux-x86_64-debian-clang, r-devel-linux-x86_64-debian-gcc, r-devel-linux-x86_64-fedora-clang, r-devel-linux-x86_64-fedora-gcc, r-devel-windows-x86_64, r-devel-windows-x86_64-gcc10-UCRT, r-patched-linux-x86_64, r-patched-solaris-x86, r-release-linux-x86_64, r-release-macos-arm64, r-release-macos-x86_64, r-release-windows-ix86+x86_64