Last updated on 2022-05-24 07:52:34 CEST.
Flavor | Version | Tinstall | Tcheck | Ttotal | Status | Flags |
---|---|---|---|---|---|---|
r-devel-linux-x86_64-debian-clang | 2.0.0 | 1.96 | 225.15 | 227.11 | NOTE | |
r-devel-linux-x86_64-debian-gcc | 2.0.0 | 1.88 | 160.92 | 162.80 | NOTE | |
r-devel-linux-x86_64-fedora-clang | 2.0.0 | 258.70 | NOTE | |||
r-devel-linux-x86_64-fedora-gcc | 2.0.0 | 248.23 | NOTE | |||
r-devel-windows-x86_64 | 2.0.0 | 18.00 | 223.00 | 241.00 | NOTE | |
r-patched-linux-x86_64 | 2.0.0 | 2.26 | 216.20 | 218.46 | NOTE | |
r-release-linux-x86_64 | 2.0.0 | NOTE | ||||
r-release-macos-arm64 | 2.0.0 | 125.00 | NOTE | |||
r-release-macos-x86_64 | 2.0.0 | 132.00 | NOTE | |||
r-release-windows-x86_64 | 2.0.0 | 27.00 | 229.00 | 256.00 | NOTE | |
r-oldrel-macos-arm64 | 2.0.0 | 221.00 | NOTE | |||
r-oldrel-macos-x86_64 | 2.0.0 | 170.00 | NOTE | |||
r-oldrel-windows-ix86+x86_64 | 2.0.0 | 5.00 | 258.00 | 263.00 | NOTE |
Version: 2.0.0
Check: LazyData
Result: NOTE
'LazyData' is specified without a 'data' directory
Flavors: r-devel-linux-x86_64-debian-clang, r-devel-linux-x86_64-debian-gcc, r-devel-linux-x86_64-fedora-clang, r-devel-linux-x86_64-fedora-gcc, r-devel-windows-x86_64, r-patched-linux-x86_64, r-release-linux-x86_64, r-release-macos-arm64, r-release-macos-x86_64, r-release-windows-x86_64, r-oldrel-macos-arm64, r-oldrel-macos-x86_64, r-oldrel-windows-ix86+x86_64