CRAN Package Check Results for Package sureLDA

Last updated on 2021-07-24 03:50:25 CEST.

Flavor Version Tinstall Tcheck Ttotal Status Flags
r-devel-linux-x86_64-debian-clang 0.1.0-1 34.65 287.55 322.20 OK
r-devel-linux-x86_64-debian-gcc 0.1.0-1 26.78 195.04 221.82 OK
r-devel-linux-x86_64-fedora-clang 0.1.0-1 390.99 NOTE
r-devel-linux-x86_64-fedora-gcc 0.1.0-1 388.62 NOTE
r-devel-windows-x86_64 0.1.0-1 37.00 313.00 350.00 OK
r-devel-windows-x86_64-gcc10-UCRT 0.1.0-1 NOTE
r-patched-linux-x86_64 0.1.0-1 31.44 278.49 309.93 OK
r-patched-solaris-x86 0.1.0-1 589.40 NOTE
r-release-linux-x86_64 0.1.0-1 30.18 282.31 312.49 OK
r-release-macos-arm64 0.1.0-1 NOTE
r-release-macos-x86_64 0.1.0-1 NOTE
r-release-windows-ix86+x86_64 0.1.0-1 87.00 317.00 404.00 OK
r-oldrel-macos-x86_64 0.1.0-1 NOTE
r-oldrel-windows-ix86+x86_64 0.1.0-1 89.00 439.00 528.00 OK

Check Details

Version: 0.1.0-1
Check: dependencies in R code
Result: NOTE
    Namespaces in Imports field not imported from:
     ‘doParallel’ ‘pROC’
     All declared Imports should be used.
Flavors: r-devel-linux-x86_64-fedora-clang, r-devel-linux-x86_64-fedora-gcc, r-devel-windows-x86_64-gcc10-UCRT, r-patched-solaris-x86, r-release-macos-arm64, r-release-macos-x86_64, r-oldrel-macos-x86_64