CRAN Package Check Results for Package surtvep

Last updated on 2024-04-21 21:51:37 CEST.

Flavor Version Tinstall Tcheck Ttotal Status Flags
r-devel-linux-x86_64-debian-clang 1.0.0 92.51 92.78 185.29 OK
r-devel-linux-x86_64-debian-gcc 1.0.0 64.86 68.39 133.25 OK
r-devel-linux-x86_64-fedora-clang 1.0.0 233.79 OK
r-devel-linux-x86_64-fedora-gcc 1.0.0 234.28 OK
r-prerel-macos-arm64 1.0.0 63.00 NOTE
r-prerel-windows-x86_64 1.0.0 61.00 136.00 197.00 OK
r-patched-linux-x86_64 1.0.0 69.60 88.43 158.03 OK
r-release-linux-x86_64 1.0.0 79.92 87.97 167.89 OK
r-release-macos-arm64 1.0.0 49.00 NOTE
r-release-macos-x86_64 1.0.0 75.00 NOTE
r-release-windows-x86_64 1.0.0 74.00 144.00 218.00 OK
r-oldrel-macos-arm64 1.0.0 63.00 NOTE
r-oldrel-windows-x86_64 1.0.0 72.00 142.00 214.00 OK

Check Details

Version: 1.0.0
Check: installed package size
Result: NOTE installed size is 8.0Mb sub-directories of 1Mb or more: libs 7.4Mb Flavors: r-prerel-macos-arm64, r-release-macos-arm64, r-release-macos-x86_64, r-oldrel-macos-arm64