CRAN Package Check Results for Package surv2sampleComp

Last updated on 2021-10-28 02:48:44 CEST.

Flavor Version Tinstall Tcheck Ttotal Status Flags
r-devel-linux-x86_64-debian-clang 1.0-5 12.02 99.33 111.35 NOTE
r-devel-linux-x86_64-debian-gcc 1.0-5 8.10 72.38 80.48 NOTE
r-devel-linux-x86_64-fedora-clang 1.0-5 139.85 NOTE
r-devel-linux-x86_64-fedora-gcc 1.0-5 126.55 NOTE
r-devel-windows-x86_64 1.0-5 16.00 89.00 105.00 NOTE
r-devel-windows-x86_64-gcc10-UCRT 1.0-5 NOTE
r-patched-linux-x86_64 1.0-5 9.26 92.71 101.97 NOTE
r-patched-solaris-x86 1.0-5 187.60 NOTE
r-release-linux-x86_64 1.0-5 10.25 92.11 102.36 NOTE
r-release-macos-arm64 1.0-5 NOTE
r-release-macos-x86_64 1.0-5 NOTE
r-release-windows-ix86+x86_64 1.0-5 20.00 124.00 144.00 NOTE
r-oldrel-macos-x86_64 1.0-5 OK
r-oldrel-windows-ix86+x86_64 1.0-5 19.00 122.00 141.00 OK

Check Details

Version: 1.0-5
Check: LazyData
Result: NOTE
     'LazyData' is specified without a 'data' directory
Flavors: r-devel-linux-x86_64-debian-clang, r-devel-linux-x86_64-debian-gcc, r-devel-linux-x86_64-fedora-clang, r-devel-linux-x86_64-fedora-gcc, r-devel-windows-x86_64, r-devel-windows-x86_64-gcc10-UCRT, r-patched-linux-x86_64, r-patched-solaris-x86, r-release-linux-x86_64, r-release-macos-arm64, r-release-macos-x86_64, r-release-windows-ix86+x86_64