CRAN Package Check Results for Package survAWKMT2

Last updated on 2021-11-27 00:51:47 CET.

Flavor Version Tinstall Tcheck Ttotal Status Flags
r-devel-linux-x86_64-debian-clang 1.0.0 7.73 57.98 65.71 NOTE
r-devel-linux-x86_64-debian-gcc 1.0.0 5.63 45.46 51.09 NOTE
r-devel-linux-x86_64-fedora-clang 1.0.0 89.75 NOTE
r-devel-linux-x86_64-fedora-gcc 1.0.0 80.20 NOTE
r-devel-windows-x86_64-new-UL 1.0.0 12.00 92.00 104.00 NOTE
r-devel-windows-x86_64-new-TK 1.0.0 NOTE
r-devel-windows-x86_64-old 1.0.0 8.00 80.00 88.00 NOTE
r-patched-linux-x86_64 1.0.0 6.20 56.46 62.66 NOTE
r-patched-solaris-x86 1.0.0 121.30 NOTE
r-release-linux-x86_64 1.0.0 NOTE
r-release-macos-arm64 1.0.0 NOTE
r-release-macos-x86_64 1.0.0 NOTE
r-release-windows-ix86+x86_64 1.0.0 15.00 60.00 75.00 NOTE
r-oldrel-macos-x86_64 1.0.0 OK
r-oldrel-windows-ix86+x86_64 1.0.0 11.00 76.00 87.00 OK

Check Details

Version: 1.0.0
Check: LazyData
Result: NOTE
     'LazyData' is specified without a 'data' directory
Flavors: r-devel-linux-x86_64-debian-clang, r-devel-linux-x86_64-debian-gcc, r-devel-linux-x86_64-fedora-clang, r-devel-linux-x86_64-fedora-gcc, r-devel-windows-x86_64-new-UL, r-devel-windows-x86_64-new-TK, r-devel-windows-x86_64-old, r-patched-linux-x86_64, r-patched-solaris-x86, r-release-linux-x86_64, r-release-macos-arm64, r-release-macos-x86_64, r-release-windows-ix86+x86_64