Last updated on 2022-05-20 18:49:28 CEST.
Flavor | Version | Tinstall | Tcheck | Ttotal | Status | Flags |
---|---|---|---|---|---|---|
r-devel-linux-x86_64-debian-clang | 1.0 | 8.72 | 137.27 | 145.99 | OK | |
r-devel-linux-x86_64-debian-gcc | 1.0 | 6.49 | 102.22 | 108.71 | OK | |
r-devel-linux-x86_64-fedora-clang | 1.0 | 180.87 | OK | |||
r-devel-linux-x86_64-fedora-gcc | 1.0 | 173.89 | OK | |||
r-devel-windows-x86_64 | 1.0 | 37.00 | 149.00 | 186.00 | OK | |
r-patched-linux-x86_64 | 1.0 | 6.16 | 130.01 | 136.17 | OK | |
r-release-linux-x86_64 | 1.0 | 6.74 | 127.96 | 134.70 | OK | |
r-release-macos-arm64 | 1.0 | 56.00 | NOTE | |||
r-release-macos-x86_64 | 1.0 | 81.00 | OK | |||
r-release-windows-x86_64 | 1.0 | 37.00 | 157.00 | 194.00 | OK | |
r-oldrel-macos-arm64 | 1.0 | 64.00 | NOTE | |||
r-oldrel-macos-x86_64 | 1.0 | 120.00 | OK | |||
r-oldrel-windows-ix86+x86_64 | 1.0 | 17.00 | 153.00 | 170.00 | OK |
Version: 1.0
Check: package dependencies
Result: NOTE
Package suggested but not available for checking: ‘BiocParallel’
Flavors: r-release-macos-arm64, r-oldrel-macos-arm64