CRAN Package Check Results for Package survIDINRI

Last updated on 2021-10-16 19:52:36 CEST.

Flavor Version Tinstall Tcheck Ttotal Status Flags
r-devel-linux-x86_64-debian-clang 1.1-1 8.61 59.59 68.20 NOTE
r-devel-linux-x86_64-debian-gcc 1.1-1 6.60 44.84 51.44 NOTE
r-devel-linux-x86_64-fedora-clang 1.1-1 88.84 NOTE
r-devel-linux-x86_64-fedora-gcc 1.1-1 77.79 NOTE
r-devel-windows-x86_64 1.1-1 9.00 59.00 68.00 NOTE
r-devel-windows-x86_64-gcc10-UCRT 1.1-1 NOTE
r-patched-linux-x86_64 1.1-1 7.52 56.59 64.11 NOTE
r-patched-solaris-x86 1.1-1 119.70 NOTE
r-release-linux-x86_64 1.1-1 7.09 55.86 62.95 NOTE
r-release-macos-arm64 1.1-1 NOTE
r-release-macos-x86_64 1.1-1 NOTE
r-release-windows-ix86+x86_64 1.1-1 18.00 92.00 110.00 NOTE
r-oldrel-macos-x86_64 1.1-1 NOTE
r-oldrel-windows-ix86+x86_64 1.1-1 19.00 102.00 121.00 NOTE

Check Details

Version: 1.1-1
Check: dependencies in R code
Result: NOTE
    Packages in Depends field not imported from:
     'survC1' 'survival'
     These packages need to be imported from (in the NAMESPACE file)
     for when this namespace is loaded but not attached.
Flavors: r-devel-linux-x86_64-debian-clang, r-devel-linux-x86_64-debian-gcc, r-devel-linux-x86_64-fedora-clang, r-devel-linux-x86_64-fedora-gcc, r-devel-windows-x86_64, r-devel-windows-x86_64-gcc10-UCRT, r-patched-linux-x86_64, r-patched-solaris-x86, r-release-linux-x86_64, r-release-macos-arm64, r-release-macos-x86_64, r-release-windows-ix86+x86_64, r-oldrel-macos-x86_64, r-oldrel-windows-ix86+x86_64

Version: 1.1-1
Check: R code for possible problems
Result: NOTE
    Est.HR.FUN: no visible global function definition for 'coxph'
    Est.HR.FUN: no visible global function definition for 'basehaz'
    Est.HR.FUN: no visible global function definition for 'approx'
    Ghat.FUN: no visible global function definition for 'survfit'
    IDI.INF: no visible global function definition for 'kmcens'
    IDI.INF: no visible global function definition for 'quantile'
    IDI.INF.GRAPH: no visible global function definition for 'lines'
    IDI.INF.GRAPH: no visible global function definition for 'abline'
    IDI.INF.GRAPH: no visible global function definition for 'points'
    IDI.INF.GRAPH: no visible global function definition for 'title'
    PTB.IDI.FUN: no visible global function definition for 'rexp'
    shade: no visible global function definition for 'polygon'
    Undefined global functions or variables:
     abline approx basehaz coxph kmcens lines points polygon quantile rexp
     survfit title
    Consider adding
     importFrom("graphics", "abline", "lines", "points", "polygon", "title")
     importFrom("stats", "approx", "quantile", "rexp")
    to your NAMESPACE file.
Flavors: r-devel-linux-x86_64-debian-clang, r-devel-linux-x86_64-debian-gcc, r-devel-linux-x86_64-fedora-clang, r-devel-linux-x86_64-fedora-gcc, r-devel-windows-x86_64, r-devel-windows-x86_64-gcc10-UCRT, r-patched-linux-x86_64, r-patched-solaris-x86, r-release-linux-x86_64, r-release-macos-arm64, r-release-macos-x86_64, r-release-windows-ix86+x86_64, r-oldrel-macos-x86_64, r-oldrel-windows-ix86+x86_64

Version: 1.1-1
Check: Rd line widths
Result: NOTE
    Rd file 'IDI.INF.GRAPH.Rd':
     \usage lines wider than 90 characters:
     IDI.INF.GRAPH(x, main = NULL, xlab = NULL, ylab = NULL, cex.main = NULL, cex.lab = NULL, ...)
    
    Rd file 'IDI.INF.Rd':
     \usage lines wider than 90 characters:
     IDI.INF(indata, covs0, covs1, t0, npert = 300, npert.rand = NULL, seed1 = NULL, alpha = 0.05)
    
    These lines will be truncated in the PDF manual.
Flavors: r-devel-linux-x86_64-debian-clang, r-devel-linux-x86_64-debian-gcc, r-devel-linux-x86_64-fedora-clang, r-devel-linux-x86_64-fedora-gcc, r-patched-linux-x86_64, r-release-linux-x86_64

Version: 1.1-1
Check: compiled code
Result: NOTE
    File ‘survIDINRI/libs/survIDINRI.so’:
     Found no calls to: ‘R_registerRoutines’, ‘R_useDynamicSymbols’
    
    It is good practice to register native routines and to disable symbol
    search.
    
    See ‘Writing portable packages’ in the ‘Writing R Extensions’ manual.
Flavors: r-devel-linux-x86_64-fedora-clang, r-devel-linux-x86_64-fedora-gcc