CRAN Package Check Results for Package survRM2adapt

Last updated on 2022-08-14 08:55:34 CEST.

Flavor Version Tinstall Tcheck Ttotal Status Flags
r-devel-linux-x86_64-debian-clang 1.0-1 7.16 67.75 74.91 NOTE
r-devel-linux-x86_64-debian-gcc 1.0-1 6.11 50.42 56.53 NOTE
r-devel-linux-x86_64-fedora-clang 1.0-1 99.35 NOTE
r-devel-linux-x86_64-fedora-gcc 1.0-1 97.37 NOTE
r-devel-windows-x86_64 1.0-1 16.00 91.00 107.00 NOTE
r-patched-linux-x86_64 1.0-1 8.34 63.53 71.87 NOTE
r-release-linux-x86_64 1.0-1 8.47 64.56 73.03 NOTE
r-release-macos-arm64 1.0-1 29.00 NOTE
r-release-macos-x86_64 1.0-1 41.00 NOTE
r-release-windows-x86_64 1.0-1 15.00 107.00 122.00 NOTE
r-oldrel-macos-arm64 1.0-1 34.00 NOTE
r-oldrel-macos-x86_64 1.0-1 56.00 NOTE
r-oldrel-windows-ix86+x86_64 1.0-1 17.00 83.00 100.00 NOTE

Check Details

Version: 1.0-1
Check: LazyData
Result: NOTE
     'LazyData' is specified without a 'data' directory
Flavors: r-devel-linux-x86_64-debian-clang, r-devel-linux-x86_64-debian-gcc, r-devel-linux-x86_64-fedora-clang, r-devel-linux-x86_64-fedora-gcc, r-devel-windows-x86_64, r-patched-linux-x86_64, r-release-linux-x86_64, r-release-macos-arm64, r-release-macos-x86_64, r-release-windows-x86_64, r-oldrel-macos-arm64, r-oldrel-macos-x86_64, r-oldrel-windows-ix86+x86_64