CRAN Package Check Results for Package surveillance

Last updated on 2019-05-23 14:49:26 CEST.

Flavor Version Tinstall Tcheck Ttotal Status Flags
r-devel-linux-x86_64-debian-clang 1.17.0 69.19 500.14 569.33 NOTE
r-devel-linux-x86_64-debian-gcc 1.17.0 56.26 383.62 439.88 NOTE
r-devel-linux-x86_64-fedora-clang 1.17.0 705.49 NOTE
r-devel-linux-x86_64-fedora-gcc 1.17.0 657.27 OK
r-devel-windows-ix86+x86_64 1.17.0 105.00 673.00 778.00 NOTE --no-vignettes
r-patched-linux-x86_64 1.17.0 65.85 490.33 556.18 NOTE
r-patched-solaris-x86 1.17.0 865.10 NOTE
r-release-linux-x86_64 1.17.0 66.03 488.79 554.82 NOTE
r-release-windows-ix86+x86_64 1.17.0 149.00 534.00 683.00 NOTE --no-vignettes
r-release-osx-x86_64 1.17.0 NOTE
r-oldrel-windows-ix86+x86_64 1.17.0 93.00 500.00 593.00 NOTE --no-vignettes
r-oldrel-osx-x86_64 1.17.0 NOTE

Check Details

Version: 1.17.0
Check: package dependencies
Result: NOTE
    Package suggested but not available for checking: 'INLA'
Flavors: r-devel-linux-x86_64-debian-clang, r-devel-linux-x86_64-debian-gcc, r-patched-linux-x86_64, r-patched-solaris-x86, r-release-linux-x86_64, r-release-osx-x86_64, r-oldrel-osx-x86_64

Version: 1.17.0
Check: installed package size
Result: NOTE
     installed size is 8.2Mb
     sub-directories of 1Mb or more:
     R 1.8Mb
     doc 2.3Mb
     help 1.0Mb
     libs 1.5Mb
Flavors: r-devel-linux-x86_64-fedora-clang, r-patched-solaris-x86, r-release-osx-x86_64, r-oldrel-osx-x86_64

Version: 1.17.0
Flags: --no-vignettes
Check: installed package size
Result: NOTE
     installed size is 8.2Mb
     sub-directories of 1Mb or more:
     R 1.8Mb
     doc 2.3Mb
     help 1.0Mb
     libs 1.7Mb
Flavors: r-devel-windows-ix86+x86_64, r-release-windows-ix86+x86_64, r-oldrel-windows-ix86+x86_64