CRAN Package Check Results for Package surveygraph

Last updated on 2024-06-13 14:49:17 CEST.

Flavor Version Tinstall Tcheck Ttotal Status Flags
r-devel-linux-x86_64-debian-clang 0.1.2 16.12 24.07 40.19 OK
r-devel-linux-x86_64-debian-gcc 0.1.2 11.20 18.31 29.51 ERROR
r-devel-linux-x86_64-fedora-clang 0.1.2 66.66 OK
r-devel-linux-x86_64-fedora-gcc 0.1.2 55.68 OK
r-devel-windows-x86_64 0.1.2 15.00 46.00 61.00 OK
r-patched-linux-x86_64 0.1.2 13.81 24.21 38.02 OK
r-release-linux-x86_64 0.1.2 14.14 24.26 38.40 OK
r-release-macos-arm64 0.1.2 20.00 OK
r-release-macos-x86_64 0.1.2 34.00 OK
r-release-windows-x86_64 0.1.2 16.00 46.00 62.00 OK
r-oldrel-macos-arm64 0.1.2 25.00 OK
r-oldrel-macos-x86_64 0.1.2 46.00 OK
r-oldrel-windows-x86_64 0.1.2 16.00 50.00 66.00 OK

Check Details

Version: 0.1.2
Check: package dependencies
Result: NOTE Packages suggested but not available for checking: 'ggplot2', 'igraph', 'testthat' Flavor: r-devel-linux-x86_64-debian-gcc

Version: 0.1.2
Check: tests
Result: ERROR Running ‘testthat.R’ [0s/1s] Running the tests in ‘tests/testthat.R’ failed. Complete output: > library(testthat) Error in library(testthat) : there is no package called 'testthat' Execution halted Flavor: r-devel-linux-x86_64-debian-gcc