CRAN Package Check Results for Package surveysd

Last updated on 2022-09-30 00:49:29 CEST.

Flavor Version Tinstall Tcheck Ttotal Status Flags
r-devel-linux-x86_64-debian-clang 1.3.0 45.41 376.63 422.04 NOTE
r-devel-linux-x86_64-debian-gcc 1.3.0 36.73 590.11 626.84 NOTE
r-devel-linux-x86_64-fedora-clang 1.3.0 436.09 NOTE
r-devel-linux-x86_64-fedora-gcc 1.3.0 454.57 NOTE
r-devel-windows-x86_64 1.3.0 52.00 285.00 337.00 NOTE
r-patched-linux-x86_64 1.3.0 34.85 421.19 456.04 NOTE
r-release-linux-x86_64 1.3.0 40.37 395.82 436.19 NOTE
r-release-macos-arm64 1.3.0 86.00 NOTE
r-release-macos-x86_64 1.3.0 163.00 NOTE
r-release-windows-x86_64 1.3.0 53.00 279.00 332.00 NOTE
r-oldrel-macos-arm64 1.3.0 99.00 NOTE
r-oldrel-macos-x86_64 1.3.0 199.00 NOTE
r-oldrel-windows-ix86+x86_64 1.3.0 115.00 423.00 538.00 NOTE

Check Details

Version: 1.3.0
Check: LazyData
Result: NOTE
     'LazyData' is specified without a 'data' directory
Flavors: r-devel-linux-x86_64-debian-clang, r-devel-linux-x86_64-debian-gcc, r-devel-linux-x86_64-fedora-clang, r-devel-linux-x86_64-fedora-gcc, r-devel-windows-x86_64, r-patched-linux-x86_64, r-release-linux-x86_64, r-release-macos-arm64, r-release-macos-x86_64, r-release-windows-x86_64, r-oldrel-macos-arm64, r-oldrel-macos-x86_64, r-oldrel-windows-ix86+x86_64

Version: 1.3.0
Check: HTML version of manual
Result: NOTE
    Found the following HTML validation problems:
    computeFrac.html:77:1: Warning: <center> element removed from HTML5
    computeFrac.html:82:1: Warning: <center> element removed from HTML5
    computeFrac.html:86:1: Warning: <center> element removed from HTML5
Flavors: r-devel-linux-x86_64-debian-clang, r-devel-linux-x86_64-debian-gcc, r-devel-linux-x86_64-fedora-clang, r-devel-linux-x86_64-fedora-gcc, r-devel-windows-x86_64