CRAN Package Check Results for Package survival

Last updated on 2021-02-28 22:47:18 CET.

Flavor Version Tinstall Tcheck Ttotal Status Flags
r-devel-linux-x86_64-debian-clang 3.2-7 OK
r-devel-linux-x86_64-debian-gcc 3.2-7 40.79 437.28 478.07 OK
r-devel-linux-x86_64-fedora-clang 3.2-7 777.44 NOTE
r-devel-linux-x86_64-fedora-gcc 3.2-7 752.65 OK
r-devel-windows-ix86+x86_64 3.2-7 112.00 747.00 859.00 NOTE
r-patched-linux-x86_64 3.2-7 48.66 548.92 597.58 OK
r-patched-solaris-x86 3.2-7 NOTE
r-release-linux-x86_64 3.2-7 44.57 545.13 589.70 OK
r-release-macos-x86_64 3.2-7 NOTE
r-release-windows-ix86+x86_64 3.2-7 120.00 11.00 131.00 ERROR
r-oldrel-macos-x86_64 3.2-7 NOTE
r-oldrel-windows-ix86+x86_64 3.2-7 98.00 906.00 1004.00 NOTE

Check Details

Version: 3.2-7
Check: installed package size
Result: NOTE
     installed size is 9.2Mb
     sub-directories of 1Mb or more:
     R 1.1Mb
     data 3.2Mb
     doc 3.4Mb
Flavors: r-devel-linux-x86_64-fedora-clang, r-devel-windows-ix86+x86_64, r-patched-solaris-x86, r-release-macos-x86_64, r-oldrel-macos-x86_64, r-oldrel-windows-ix86+x86_64

Version: 3.2-7
Check: whether package can be installed
Result: ERROR
    Installation failed.
    See 'd:/Rcompile/CRANpkg/local/4.0/survival.Rcheck/00install.out'* DONE
Flavor: r-release-windows-ix86+x86_64