CRAN Package Check Results for Package survival

Last updated on 2022-10-02 03:53:18 CEST.

Flavor Version Tinstall Tcheck Ttotal Status Flags
r-devel-linux-x86_64-debian-clang 3.4-0 67.76 633.18 700.94 OK
r-devel-linux-x86_64-debian-gcc 3.4-0 60.05 465.15 525.20 OK
r-devel-linux-x86_64-fedora-clang 3.4-0 882.19 NOTE
r-devel-linux-x86_64-fedora-gcc 3.4-0 850.77 OK
r-devel-windows-x86_64 3.4-0 243.00 838.00 1081.00 NOTE
r-patched-linux-x86_64 3.4-0 67.70 598.65 666.35 OK
r-release-linux-x86_64 3.4-0 58.33 597.76 656.09 OK
r-release-macos-arm64 3.4-0 267.00 NOTE
r-release-macos-x86_64 3.4-0 389.00 NOTE
r-release-windows-x86_64 3.4-0 269.00 845.00 1114.00 NOTE
r-oldrel-macos-arm64 3.4-0 250.00 NOTE
r-oldrel-macos-x86_64 3.4-0 386.00 NOTE
r-oldrel-windows-ix86+x86_64 3.4-0 154.00 1058.00 1212.00 NOTE

Check Details

Version: 3.4-0
Check: installed package size
Result: NOTE
     installed size is 7.6Mb
     sub-directories of 1Mb or more:
     R 1.2Mb
     data 1.9Mb
     doc 3.4Mb
Flavors: r-devel-linux-x86_64-fedora-clang, r-devel-windows-x86_64, r-release-macos-arm64, r-release-macos-x86_64, r-release-windows-x86_64, r-oldrel-macos-arm64, r-oldrel-macos-x86_64, r-oldrel-windows-ix86+x86_64