CRAN Package Check Results for Package survival

Last updated on 2022-01-28 16:49:46 CET.

Flavor Version Tinstall Tcheck Ttotal Status Flags
r-devel-linux-x86_64-debian-clang 3.2-13 70.17 601.63 671.80 OK
r-devel-linux-x86_64-debian-gcc 3.2-13 55.80 447.49 503.29 OK
r-devel-linux-x86_64-fedora-clang 3.2-13 812.83 NOTE
r-devel-linux-x86_64-fedora-gcc 3.2-13 798.09 OK
r-devel-windows-x86_64-new-UL 3.2-13 517.00 801.00 1318.00 NOTE
r-devel-windows-x86_64-new-TK 3.2-13 OK
r-patched-linux-x86_64 3.2-13 60.95 599.65 660.60 OK
r-release-linux-x86_64 3.2-13 60.88 591.33 652.21 OK
r-release-macos-arm64 3.2-13 NOTE
r-release-macos-x86_64 3.2-13 NOTE
r-release-windows-ix86+x86_64 3.2-13 145.00 937.00 1082.00 NOTE
r-oldrel-macos-x86_64 3.2-13 NOTE
r-oldrel-windows-ix86+x86_64 3.2-13 144.00 1026.00 1170.00 NOTE

Check Details

Version: 3.2-13
Check: installed package size
Result: NOTE
     installed size is 8.1Mb
     sub-directories of 1Mb or more:
     R 1.2Mb
     data 1.9Mb
     doc 3.5Mb
Flavors: r-devel-linux-x86_64-fedora-clang, r-devel-windows-x86_64-new-UL, r-release-macos-arm64, r-release-macos-x86_64, r-release-windows-ix86+x86_64, r-oldrel-macos-x86_64, r-oldrel-windows-ix86+x86_64