CRAN Package Check Results for Package survival

Last updated on 2021-09-27 01:48:37 CEST.

Flavor Version Tinstall Tcheck Ttotal Status Flags
r-devel-linux-x86_64-debian-clang 3.2-13 70.01 585.12 655.13 OK
r-devel-linux-x86_64-debian-gcc 3.2-13 49.34 440.80 490.14 OK
r-devel-linux-x86_64-fedora-clang 3.2-13 789.53 NOTE
r-devel-linux-x86_64-fedora-gcc 3.2-13 775.87 OK
r-devel-windows-x86_64 3.2-13 82.00 521.00 603.00 NOTE
r-devel-windows-x86_64-gcc10-UCRT 3.2-13 OK
r-patched-linux-x86_64 3.2-13 59.54 587.15 646.69 OK
r-patched-solaris-x86 3.2-13 NOTE
r-release-linux-x86_64 3.2-13 56.05 600.25 656.30 OK
r-release-macos-arm64 3.2-13 NOTE
r-release-macos-x86_64 3.2-13 NOTE
r-release-windows-ix86+x86_64 3.2-13 147.00 784.00 931.00 NOTE
r-oldrel-macos-x86_64 3.2-13 NOTE
r-oldrel-windows-ix86+x86_64 3.2-13 119.00 789.00 908.00 NOTE

Check Details

Version: 3.2-13
Check: installed package size
Result: NOTE
     installed size is 8.1Mb
     sub-directories of 1Mb or more:
     R 1.2Mb
     data 1.9Mb
     doc 3.5Mb
Flavors: r-devel-linux-x86_64-fedora-clang, r-devel-windows-x86_64, r-patched-solaris-x86, r-release-macos-arm64, r-release-macos-x86_64, r-release-windows-ix86+x86_64, r-oldrel-macos-x86_64, r-oldrel-windows-ix86+x86_64