CRAN Package Check Results for Package survival

Last updated on 2021-05-17 16:48:39 CEST.

Flavor Version Tinstall Tcheck Ttotal Status Flags
r-devel-linux-x86_64-debian-clang 3.2-11 62.67 605.91 668.58 OK
r-devel-linux-x86_64-debian-gcc 3.2-11 50.84 456.08 506.92 OK
r-devel-linux-x86_64-fedora-clang 3.2-11 805.27 NOTE
r-devel-linux-x86_64-fedora-gcc 3.2-11 788.08 OK
r-devel-windows-ix86+x86_64 3.2-11 143.00 764.00 907.00 NOTE
r-devel-windows-x86_64-gcc10-UCRT 3.2-11 OK
r-patched-linux-x86_64 3.2-11 55.78 585.96 641.74 OK
r-patched-solaris-x86 3.2-11 NOTE
r-release-linux-x86_64 3.2-11 55.82 565.01 620.83 OK
r-release-macos-x86_64 3.2-11 NOTE
r-release-windows-ix86+x86_64 3.2-11 126.00 883.00 1009.00 NOTE
r-oldrel-macos-x86_64 3.2-11 NOTE
r-oldrel-windows-ix86+x86_64 3.2-11 114.00 958.00 1072.00 NOTE

Check Details

Version: 3.2-11
Check: installed package size
Result: NOTE
     installed size is 7.9Mb
     sub-directories of 1Mb or more:
     R 1.2Mb
     data 1.9Mb
     doc 3.3Mb
Flavors: r-devel-linux-x86_64-fedora-clang, r-devel-windows-ix86+x86_64, r-patched-solaris-x86, r-release-macos-x86_64, r-release-windows-ix86+x86_64, r-oldrel-macos-x86_64, r-oldrel-windows-ix86+x86_64