CRAN Package Check Results for Package survival

Last updated on 2020-09-26 13:49:05 CEST.

Flavor Version Tinstall Tcheck Ttotal Status Flags
r-devel-linux-x86_64-debian-clang 3.2-3 58.08 581.30 639.38 OK
r-devel-linux-x86_64-debian-gcc 3.2-3 43.01 440.94 483.95 OK
r-devel-linux-x86_64-fedora-clang 3.2-3 901.37 NOTE
r-devel-linux-x86_64-fedora-gcc 3.2-3 761.58 OK
r-devel-windows-ix86+x86_64 3.2-3 129.00 891.00 1020.00 NOTE
r-patched-linux-x86_64 3.2-3 52.81 555.08 607.89 OK
r-patched-solaris-x86 3.2-3 NOTE
r-release-linux-x86_64 3.2-3 45.59 555.52 601.11 OK
r-release-macos-x86_64 3.2-3 NOTE
r-release-windows-ix86+x86_64 3.2-3 115.00 1051.00 1166.00 NOTE
r-oldrel-macos-x86_64 3.2-3 NOTE
r-oldrel-windows-ix86+x86_64 3.2-3 132.00 966.00 1098.00 NOTE

Check Details

Version: 3.2-3
Check: installed package size
Result: NOTE
     installed size is 9.0Mb
     sub-directories of 1Mb or more:
     R 1.1Mb
     data 3.2Mb
     doc 3.4Mb
Flavors: r-devel-linux-x86_64-fedora-clang, r-devel-windows-ix86+x86_64, r-patched-solaris-x86, r-release-macos-x86_64, r-release-windows-ix86+x86_64, r-oldrel-macos-x86_64, r-oldrel-windows-ix86+x86_64

Version: 3.2-3
Check: compiled code
Result: NOTE
    Note: information on .o files for i386 is not available
    Note: information on .o files for x64 is not available
    File 'd:/Rcompile/CRANpkg/lib/4.1/survival/libs/i386/survival.dll':
     Found 'abort', possibly from 'abort' (C), 'runtime' (Fortran)
    File 'd:/Rcompile/CRANpkg/lib/4.1/survival/libs/x64/survival.dll':
     Found 'abort', possibly from 'abort' (C), 'runtime' (Fortran)
    
    Compiled code should not call entry points which might terminate R nor
    write to stdout/stderr instead of to the console, nor use Fortran I/O
    nor system RNGs. The detected symbols are linked into the code but
    might come from libraries and not actually be called.
    
    See 'Writing portable packages' in the 'Writing R Extensions' manual.
Flavor: r-devel-windows-ix86+x86_64