CRAN Package Check Results for Package survival

Last updated on 2023-01-27 04:51:39 CET.

Flavor Version Tinstall Tcheck Ttotal Status Flags
r-devel-linux-x86_64-debian-clang 3.5-0 70.05 648.02 718.07 WARN
r-devel-linux-x86_64-debian-gcc 3.5-0 59.93 480.53 540.46 OK
r-devel-linux-x86_64-fedora-clang 3.5-0 901.71 WARN
r-devel-linux-x86_64-fedora-gcc 3.5-0 896.27 OK
r-patched-linux-x86_64 3.5-0 68.44 614.48 682.92 OK
r-release-linux-x86_64 3.5-0 64.49 590.94 655.43 OK
r-release-macos-arm64 3.5-0 271.00 NOTE
r-release-macos-x86_64 3.5-0 389.00 NOTE
r-release-windows-x86_64 3.5-0 248.00 819.00 1067.00 NOTE
r-oldrel-macos-arm64 3.5-0 279.00 NOTE
r-oldrel-macos-x86_64 3.5-0 390.00 NOTE
r-oldrel-windows-ix86+x86_64 3.5-0 153.00 958.00 1111.00 NOTE

Additional issues

clang16 clang16 valgrind

Check Details

Version: 3.5-0
Check: whether package can be installed
Result: WARN
    Found the following significant warnings:
     fastkm.c:172:34: warning: use of unary operator that may be intended as compound assignment (-=)
    See ‘/home/hornik/tmp/R.check/r-devel-clang/Work/PKGS/survival.Rcheck/00install.out’ for details.
    * used C compiler: ‘Debian clang version 15.0.6’
Flavor: r-devel-linux-x86_64-debian-clang

Version: 3.5-0
Check: whether package can be installed
Result: WARN
    Found the following significant warnings:
     fastkm.c:172:34: warning: use of unary operator that may be intended as compound assignment (-=)
    See ‘/data/gannet/ripley/R/packages/tests-clang/survival.Rcheck/00install.out’ for details.
    * used C compiler: ‘clang version 15.0.6’
Flavor: r-devel-linux-x86_64-fedora-clang

Version: 3.5-0
Check: installed package size
Result: NOTE
     installed size is 7.7Mb
     sub-directories of 1Mb or more:
     R 1.2Mb
     data 1.9Mb
     doc 3.5Mb
Flavors: r-devel-linux-x86_64-fedora-clang, r-release-macos-arm64, r-release-macos-x86_64, r-release-windows-x86_64, r-oldrel-macos-arm64, r-oldrel-macos-x86_64, r-oldrel-windows-ix86+x86_64