CRAN Package Check Results for Package survivalsvm

Last updated on 2022-11-27 12:55:30 CET.

Flavor Version Tinstall Tcheck Ttotal Status Flags
r-devel-linux-x86_64-debian-clang 0.0.5 8.01 93.41 101.42 OK
r-devel-linux-x86_64-debian-gcc 0.0.5 7.98 72.15 80.13 OK
r-devel-linux-x86_64-fedora-clang 0.0.5 142.06 NOTE
r-devel-linux-x86_64-fedora-gcc 0.0.5 136.75 NOTE
r-devel-windows-x86_64 0.0.5 32.00 137.00 169.00 OK
r-patched-linux-x86_64 0.0.5 16.24 83.17 99.41 OK
r-release-linux-x86_64 0.0.5 7.01 84.22 91.23 OK
r-release-macos-arm64 0.0.5 37.00 NOTE
r-release-macos-x86_64 0.0.5 60.00 NOTE
r-release-windows-x86_64 0.0.5 106.00 118.00 224.00 OK
r-oldrel-macos-arm64 0.0.5 43.00 NOTE
r-oldrel-macos-x86_64 0.0.5 64.00 NOTE
r-oldrel-windows-ix86+x86_64 0.0.5 21.00 108.00 129.00 OK

Check Details

Version: 0.0.5
Check: dependencies in R code
Result: NOTE
    Namespace in Imports field not imported from: ‘quadprog’
     All declared Imports should be used.
Flavors: r-devel-linux-x86_64-fedora-clang, r-devel-linux-x86_64-fedora-gcc, r-release-macos-arm64, r-release-macos-x86_64, r-oldrel-macos-arm64, r-oldrel-macos-x86_64