Last updated on 2021-03-01 17:55:14 CET.
Flavor | Version | Tinstall | Tcheck | Ttotal | Status | Flags |
---|---|---|---|---|---|---|
r-devel-linux-x86_64-debian-clang | 0.0.5 | OK | ||||
r-devel-linux-x86_64-debian-gcc | 0.0.5 | 8.30 | 61.59 | 69.89 | OK | |
r-devel-linux-x86_64-fedora-clang | 0.0.5 | 115.17 | NOTE | |||
r-devel-linux-x86_64-fedora-gcc | 0.0.5 | 103.25 | NOTE | |||
r-devel-windows-ix86+x86_64 | 0.0.5 | 14.00 | 71.00 | 85.00 | OK | |
r-patched-linux-x86_64 | 0.0.5 | 5.96 | 74.47 | 80.43 | OK | |
r-patched-solaris-x86 | 0.0.5 | 154.10 | NOTE | |||
r-release-linux-x86_64 | 0.0.5 | 6.50 | 73.06 | 79.56 | OK | |
r-release-macos-x86_64 | 0.0.5 | NOTE | ||||
r-release-windows-ix86+x86_64 | 0.0.5 | 21.00 | 95.00 | 116.00 | OK | |
r-oldrel-macos-x86_64 | 0.0.5 | NOTE | ||||
r-oldrel-windows-ix86+x86_64 | 0.0.5 | 12.00 | 96.00 | 108.00 | OK |
Version: 0.0.5
Check: dependencies in R code
Result: NOTE
Namespace in Imports field not imported from: ‘quadprog’
All declared Imports should be used.
Flavors: r-devel-linux-x86_64-fedora-clang, r-devel-linux-x86_64-fedora-gcc, r-patched-solaris-x86, r-release-macos-x86_64, r-oldrel-macos-x86_64