CRAN Package Check Results for Package survivalsvm

Last updated on 2021-05-17 18:49:18 CEST.

Flavor Version Tinstall Tcheck Ttotal Status Flags
r-devel-linux-x86_64-debian-clang 0.0.5 9.68 78.08 87.76 OK
r-devel-linux-x86_64-debian-gcc 0.0.5 7.64 59.58 67.22 OK
r-devel-linux-x86_64-fedora-clang 0.0.5 114.49 NOTE
r-devel-linux-x86_64-fedora-gcc 0.0.5 102.91 NOTE
r-devel-windows-ix86+x86_64 0.0.5 22.00 72.00 94.00 OK
r-devel-windows-x86_64-gcc10-UCRT 0.0.5 NOTE
r-patched-linux-x86_64 0.0.5 15.12 75.11 90.23 OK
r-patched-solaris-x86 0.0.5 154.60 NOTE
r-release-linux-x86_64 0.0.5 9.96 72.73 82.69 OK
r-release-macos-x86_64 0.0.5 NOTE
r-release-windows-ix86+x86_64 0.0.5 15.00 73.00 88.00 OK
r-oldrel-macos-x86_64 0.0.5 NOTE
r-oldrel-windows-ix86+x86_64 0.0.5 13.00 92.00 105.00 OK

Check Details

Version: 0.0.5
Check: dependencies in R code
Result: NOTE
    Namespace in Imports field not imported from: ‘quadprog’
     All declared Imports should be used.
Flavors: r-devel-linux-x86_64-fedora-clang, r-devel-linux-x86_64-fedora-gcc, r-devel-windows-x86_64-gcc10-UCRT, r-patched-solaris-x86, r-release-macos-x86_64, r-oldrel-macos-x86_64