CRAN Package Check Results for Package survminer

Last updated on 2019-11-21 06:48:10 CET.

Flavor Version Tinstall Tcheck Ttotal Status Flags
r-devel-linux-x86_64-debian-clang 0.4.6 14.26 199.53 213.79 OK
r-devel-linux-x86_64-debian-gcc 0.4.6 11.85 156.88 168.73 OK
r-devel-linux-x86_64-fedora-clang 0.4.6 246.73 NOTE
r-devel-linux-x86_64-fedora-gcc 0.4.6 224.60 OK
r-devel-windows-ix86+x86_64 0.4.6 46.00 214.00 260.00 NOTE
r-devel-windows-ix86+x86_64-gcc8 0.4.6 26.00 201.00 227.00 NOTE
r-patched-linux-x86_64 0.4.6 13.57 188.38 201.95 OK
r-patched-solaris-x86 0.4.6 306.20 NOTE
r-release-linux-x86_64 0.4.6 13.42 190.19 203.61 OK
r-release-windows-ix86+x86_64 0.4.6 34.00 266.00 300.00 NOTE
r-release-osx-x86_64 0.4.6 NOTE
r-oldrel-windows-ix86+x86_64 0.4.6 15.00 250.00 265.00 NOTE
r-oldrel-osx-x86_64 0.4.6 NOTE

Check Details

Version: 0.4.6
Check: installed package size
Result: NOTE
     installed size is 5.6Mb
     sub-directories of 1Mb or more:
     doc 5.1Mb
Flavors: r-devel-linux-x86_64-fedora-clang, r-devel-windows-ix86+x86_64, r-devel-windows-ix86+x86_64-gcc8, r-patched-solaris-x86, r-release-windows-ix86+x86_64, r-release-osx-x86_64, r-oldrel-windows-ix86+x86_64, r-oldrel-osx-x86_64