CRAN Package Check Results for Package svHttp

Last updated on 2021-03-02 17:52:10 CET.

Flavor Version Tinstall Tcheck Ttotal Status Flags
r-devel-linux-x86_64-debian-clang 0.9-55 NOTE
r-devel-linux-x86_64-debian-gcc 0.9-55 1.67 19.36 21.03 NOTE
r-devel-linux-x86_64-fedora-clang 0.9-55 42.04 NOTE
r-devel-linux-x86_64-fedora-gcc 0.9-55 31.44 NOTE
r-devel-windows-ix86+x86_64 0.9-55 4.00 34.00 38.00 NOTE
r-patched-linux-x86_64 0.9-55 1.99 23.75 25.74 NOTE
r-patched-solaris-x86 0.9-55 48.80 NOTE
r-release-linux-x86_64 0.9-55 2.28 23.33 25.61 NOTE
r-release-macos-x86_64 0.9-55 NOTE
r-release-windows-ix86+x86_64 0.9-55 5.00 33.00 38.00 NOTE
r-oldrel-macos-x86_64 0.9-55 NOTE
r-oldrel-windows-ix86+x86_64 0.9-55 19.00 47.00 66.00 NOTE

Check Details

Version: 0.9-55
Check: DESCRIPTION meta-information
Result: NOTE
    Malformed Description field: should contain one or more complete sentences.
Flavors: r-devel-linux-x86_64-debian-clang, r-devel-linux-x86_64-debian-gcc, r-devel-linux-x86_64-fedora-clang, r-devel-linux-x86_64-fedora-gcc, r-devel-windows-ix86+x86_64, r-patched-linux-x86_64, r-patched-solaris-x86, r-release-linux-x86_64, r-release-macos-x86_64, r-release-windows-ix86+x86_64, r-oldrel-macos-x86_64, r-oldrel-windows-ix86+x86_64

Version: 0.9-55
Check: R code for possible problems
Result: NOTE
    startHttpServer : <anonymous> : Rjsonp: no visible global function
     definition for 'localeToCharset'
    Undefined global functions or variables:
     localeToCharset
    Consider adding
     importFrom("utils", "localeToCharset")
    to your NAMESPACE file.
Flavors: r-devel-linux-x86_64-debian-clang, r-devel-linux-x86_64-debian-gcc, r-devel-linux-x86_64-fedora-clang, r-devel-linux-x86_64-fedora-gcc, r-devel-windows-ix86+x86_64, r-patched-linux-x86_64, r-patched-solaris-x86, r-release-linux-x86_64, r-release-macos-x86_64, r-release-windows-ix86+x86_64, r-oldrel-macos-x86_64, r-oldrel-windows-ix86+x86_64