Last updated on 2021-03-02 18:47:53 CET.
Flavor | Version | Tinstall | Tcheck | Ttotal | Status | Flags |
---|---|---|---|---|---|---|
r-devel-linux-x86_64-debian-clang | 0.9-63 | NOTE | ||||
r-devel-linux-x86_64-debian-gcc | 0.9-63 | 2.14 | 21.15 | 23.29 | NOTE | |
r-devel-linux-x86_64-fedora-clang | 0.9-63 | 44.61 | NOTE | |||
r-devel-linux-x86_64-fedora-gcc | 0.9-63 | 33.99 | NOTE | |||
r-devel-windows-ix86+x86_64 | 0.9-63 | 6.00 | 36.00 | 42.00 | NOTE | |
r-patched-linux-x86_64 | 0.9-63 | 2.24 | 25.63 | 27.87 | NOTE | |
r-patched-solaris-x86 | 0.9-63 | 53.30 | NOTE | |||
r-release-linux-x86_64 | 0.9-63 | 2.30 | 25.58 | 27.88 | NOTE | |
r-release-macos-x86_64 | 0.9-63 | NOTE | ||||
r-release-windows-ix86+x86_64 | 0.9-63 | 6.00 | 35.00 | 41.00 | NOTE | |
r-oldrel-macos-x86_64 | 0.9-63 | NOTE | ||||
r-oldrel-windows-ix86+x86_64 | 0.9-63 | 31.00 | 48.00 | 79.00 | NOTE |
Version: 0.9-63
Check: DESCRIPTION meta-information
Result: NOTE
Malformed Description field: should contain one or more complete sentences.
Flavors: r-devel-linux-x86_64-debian-clang, r-devel-linux-x86_64-debian-gcc, r-devel-linux-x86_64-fedora-clang, r-devel-linux-x86_64-fedora-gcc, r-devel-windows-ix86+x86_64, r-patched-linux-x86_64, r-patched-solaris-x86, r-release-linux-x86_64, r-release-macos-x86_64, r-release-windows-ix86+x86_64, r-oldrel-macos-x86_64, r-oldrel-windows-ix86+x86_64
Version: 0.9-63
Check: R code for possible problems
Result: NOTE
.onAttach : svBrowser: no visible global function definition for
'browseURL'
.onAttach: no visible global function definition for 'loadhistory'
Undefined global functions or variables:
browseURL loadhistory
Consider adding
importFrom("utils", "browseURL", "loadhistory")
to your NAMESPACE file.
Flavors: r-devel-linux-x86_64-debian-clang, r-devel-linux-x86_64-debian-gcc, r-devel-linux-x86_64-fedora-clang, r-devel-linux-x86_64-fedora-gcc, r-devel-windows-ix86+x86_64, r-patched-linux-x86_64, r-patched-solaris-x86, r-release-linux-x86_64, r-release-macos-x86_64, r-release-windows-ix86+x86_64, r-oldrel-macos-x86_64, r-oldrel-windows-ix86+x86_64