Last updated on 2023-12-10 14:51:58 CET.
Flavor | Version | Tinstall | Tcheck | Ttotal | Status | Flags |
---|---|---|---|---|---|---|
r-devel-linux-x86_64-debian-clang | 1.1.0 | 3.34 | 37.39 | 40.73 | NOTE | |
r-devel-linux-x86_64-debian-gcc | 1.1.0 | 3.03 | 28.75 | 31.78 | NOTE | |
r-devel-linux-x86_64-fedora-clang | 1.1.0 | 52.36 | OK | |||
r-devel-linux-x86_64-fedora-gcc | 1.1.0 | 61.57 | OK | |||
r-devel-windows-x86_64 | 1.1.0 | 4.00 | 53.00 | 57.00 | OK | |
r-patched-linux-x86_64 | 1.1.0 | 3.74 | 35.98 | 39.72 | OK | |
r-release-linux-x86_64 | 1.1.0 | 3.56 | 35.18 | 38.74 | OK | |
r-release-macos-arm64 | 1.1.0 | 28.00 | OK | |||
r-release-macos-x86_64 | 1.1.0 | 43.00 | OK | |||
r-release-windows-x86_64 | 1.1.0 | 5.00 | 54.00 | 59.00 | OK | |
r-oldrel-macos-arm64 | 1.1.0 | 29.00 | OK | |||
r-oldrel-macos-x86_64 | 1.1.0 | 34.00 | OK | |||
r-oldrel-windows-x86_64 | 1.1.0 | 6.00 | 55.00 | 61.00 | OK |
Version: 1.1.0
Check: Rd files
Result: NOTE
checkRd: (-1) svSocket-package.Rd:12: Lost braces; missing escapes or markup?
12 | The SciViews {svSocket} package provides a stateful, multi-client and
| ^
checkRd: (-1) svSocket-package.Rd:16: Lost braces; missing escapes or markup?
16 | thus, it needs a working version of Tcl/Tk (>= 8.4) and of the {tcltk} R
| ^
checkRd: (-1) svSocket-package.Rd:33: Lost braces; missing escapes or markup?
33 | efficient as, say {Rserver} ({Rserver} exchanges R objects in binary format,
| ^
checkRd: (-1) svSocket-package.Rd:33: Lost braces; missing escapes or markup?
33 | efficient as, say {Rserver} ({Rserver} exchanges R objects in binary format,
| ^
checkRd: (-1) svSocket-package.Rd:34: Lost braces; missing escapes or markup?
34 | but {Rserver} is not stateful, clients do not share the same global workspace
| ^
Flavors: r-devel-linux-x86_64-debian-clang, r-devel-linux-x86_64-debian-gcc