CRAN Package Check Results for Package svSweave

Last updated on 2020-04-03 22:50:46 CEST.

Flavor Version Tinstall Tcheck Ttotal Status Flags
r-devel-linux-x86_64-debian-clang 0.9-8 1.97 20.93 22.90 NOTE
r-devel-linux-x86_64-debian-gcc 0.9-8 1.69 16.60 18.29 NOTE
r-devel-linux-x86_64-fedora-clang 0.9-8 31.68 NOTE
r-devel-linux-x86_64-fedora-gcc 0.9-8 28.12 NOTE
r-devel-windows-ix86+x86_64 0.9-8 5.00 31.00 36.00 NOTE
r-devel-windows-ix86+x86_64-gcc8 0.9-8 5.00 33.00 38.00 NOTE
r-patched-linux-x86_64 0.9-8 2.02 20.37 22.39 NOTE
r-patched-solaris-x86 0.9-8 45.70 NOTE
r-release-linux-x86_64 0.9-8 1.70 19.27 20.97 NOTE
r-release-windows-ix86+x86_64 0.9-8 4.00 50.00 54.00 NOTE
r-release-osx-x86_64 0.9-8 NOTE
r-oldrel-windows-ix86+x86_64 0.9-8 4.00 31.00 35.00 NOTE
r-oldrel-osx-x86_64 0.9-8 NOTE

Check Details

Version: 0.9-8
Check: DESCRIPTION meta-information
Result: NOTE
    Malformed Description field: should contain one or more complete sentences.
Flavors: r-devel-linux-x86_64-debian-clang, r-devel-linux-x86_64-debian-gcc, r-devel-linux-x86_64-fedora-clang, r-devel-linux-x86_64-fedora-gcc, r-devel-windows-ix86+x86_64, r-devel-windows-ix86+x86_64-gcc8, r-patched-linux-x86_64, r-patched-solaris-x86, r-release-linux-x86_64, r-release-windows-ix86+x86_64, r-release-osx-x86_64, r-oldrel-windows-ix86+x86_64, r-oldrel-osx-x86_64