CRAN Package Check Results for Package svglite

Last updated on 2019-06-16 20:47:21 CEST.

Flavor Version Tinstall Tcheck Ttotal Status Flags
r-devel-linux-x86_64-debian-clang 1.2.2 17.69 30.47 48.16 NOTE
r-devel-linux-x86_64-debian-gcc 1.2.2 14.71 25.24 39.95 NOTE
r-devel-linux-x86_64-fedora-clang 1.2.2 69.73 NOTE
r-devel-linux-x86_64-fedora-gcc 1.2.2 63.70 NOTE
r-devel-windows-ix86+x86_64 1.2.2 59.00 84.00 143.00 OK
r-patched-linux-x86_64 1.2.2 18.60 30.98 49.58 OK
r-patched-solaris-x86 1.2.2 88.60 OK
r-release-linux-x86_64 1.2.2 18.39 31.75 50.14 OK
r-release-windows-ix86+x86_64 1.2.2 37.00 94.00 131.00 OK
r-release-osx-x86_64 1.2.2 OK
r-oldrel-windows-ix86+x86_64 1.2.2 36.00 81.00 117.00 OK
r-oldrel-osx-x86_64 1.2.2 OK

Check Details

Version: 1.2.2
Check: for non-standard things in the check directory
Result: NOTE
    Found the following files/directories:
     'Rplots.svg'
Flavors: r-devel-linux-x86_64-debian-clang, r-devel-linux-x86_64-debian-gcc, r-devel-linux-x86_64-fedora-clang, r-devel-linux-x86_64-fedora-gcc