CRAN Package Check Results for Package svglite

Last updated on 2019-04-22 04:51:52 CEST.

Flavor Version Tinstall Tcheck Ttotal Status Flags
r-devel-linux-x86_64-debian-clang 1.2.1 18.06 31.00 49.06 ERROR
r-devel-linux-x86_64-debian-gcc 1.2.1 14.86 25.25 40.11 OK
r-devel-linux-x86_64-fedora-clang 1.2.1 68.85 OK
r-devel-linux-x86_64-fedora-gcc 1.2.1 63.09 OK
r-devel-windows-ix86+x86_64 1.2.1 55.00 67.00 122.00 OK
r-patched-linux-x86_64 1.2.1 17.65 31.20 48.85 OK
r-patched-solaris-x86 1.2.1 84.90 OK
r-release-linux-x86_64 1.2.1 17.44 28.82 46.26 OK
r-release-windows-ix86+x86_64 1.2.1 36.00 94.00 130.00 OK
r-release-osx-x86_64 1.2.1 OK
r-oldrel-windows-ix86+x86_64 1.2.1 29.00 85.00 114.00 OK
r-oldrel-osx-x86_64 1.2.1 OK

Check Details

Version: 1.2.1
Check: tests
Result: ERROR
     Running 'testthat.R' [3s/3s]
    Running the tests in 'tests/testthat.R' failed.
    Complete output:
     > library(testthat)
     > library(svglite)
     >
     > test_check("svglite")
     -- 1. Failure: utf-8 characters are preserved (@test-text.R#42) ---------------
     xml_text(xml_find_first(x, ".//text")) not equal to "µ".
     1/1 mismatches
     x[1]: "µ"
     y[1]: "µ"
    
     == testthat results ===========================================================
     OK: 94 SKIPPED: 4 FAILED: 1
     1. Failure: utf-8 characters are preserved (@test-text.R#42)
    
     Error: testthat unit tests failed
     Execution halted
Flavor: r-devel-linux-x86_64-debian-clang