CRAN Package Check Results for Package svyPVpack

Last updated on 2019-12-15 12:47:33 CET.

Flavor Version Tinstall Tcheck Ttotal Status Flags
r-devel-linux-x86_64-debian-clang 0.1-1 8.11 76.65 84.76 NOTE
r-devel-linux-x86_64-debian-gcc 0.1-1 7.39 58.96 66.35 NOTE
r-devel-linux-x86_64-fedora-clang 0.1-1 102.04 NOTE
r-devel-linux-x86_64-fedora-gcc 0.1-1 99.53 NOTE
r-devel-windows-ix86+x86_64 0.1-1 16.00 110.00 126.00 NOTE
r-devel-windows-ix86+x86_64-gcc8 0.1-1 17.00 116.00 133.00 NOTE
r-patched-linux-x86_64 0.1-1 8.65 68.85 77.50 NOTE
r-patched-solaris-x86 0.1-1 140.00 NOTE
r-release-linux-x86_64 0.1-1 7.11 68.45 75.56 NOTE
r-release-windows-ix86+x86_64 0.1-1 14.00 72.00 86.00 NOTE
r-release-osx-x86_64 0.1-1 NOTE
r-oldrel-windows-ix86+x86_64 0.1-1 9.00 72.00 81.00 NOTE
r-oldrel-osx-x86_64 0.1-1 NOTE

Check Details

Version: 0.1-1
Check: R code for possible problems
Result: NOTE
    additional_comp: no visible global function definition for 'aggregate'
    additional_compPV : <anonymous>: no visible global function definition
     for 'aggregate'
    cor.aux.func : <anonymous>: no visible global function definition for
     'cov.wt'
    eta.func : <anonymous>: no visible global function definition for 'lm'
    eta.func : <anonymous>: no visible global function definition for
     'anova'
    glm.dummy.no.std: no visible global function definition for
     'as.formula'
    pv_by: no visible binding for global variable 'var'
    pv_perc: no visible binding for global variable 'var'
    pv_quantile: no visible binding for global variable 'var'
    svyPVcor: no visible global function definition for 'update'
    svyPVcor: no visible global function definition for 'var'
    svyPVeta: no visible global function definition for 'update'
    svyPVeta: no visible global function definition for 'var'
    svyPVglm: no visible global function definition for 'gaussian'
    svyPVglm: no visible binding for global variable 'as.formula'
    svyPVglm: no visible binding for global variable 'var'
    svyPVglm: no visible global function definition for 'pt'
    svyPVttest: no visible binding for global variable 'as.formula'
    svyPVttest: no visible global function definition for 'var'
    svyPVttest: no visible global function definition for 'pt'
    svyPVttest: no visible binding for global variable 'var'
    t.test.aux: no visible global function definition for 'as.formula'
    t.test.aux: no visible global function definition for 'complete.cases'
    Undefined global functions or variables:
     aggregate anova as.formula complete.cases cov.wt gaussian lm pt
     update var
    Consider adding
     importFrom("stats", "aggregate", "anova", "as.formula",
     "complete.cases", "cov.wt", "gaussian", "lm", "pt",
     "update", "var")
    to your NAMESPACE file.
Flavors: r-devel-linux-x86_64-debian-clang, r-devel-linux-x86_64-debian-gcc, r-devel-linux-x86_64-fedora-clang, r-devel-linux-x86_64-fedora-gcc, r-devel-windows-ix86+x86_64, r-devel-windows-ix86+x86_64-gcc8, r-patched-linux-x86_64, r-patched-solaris-x86, r-release-linux-x86_64, r-release-windows-ix86+x86_64, r-release-osx-x86_64, r-oldrel-windows-ix86+x86_64, r-oldrel-osx-x86_64