CRAN Package Check Results for Package swag

Last updated on 2021-03-06 02:48:57 CET.

Flavor Version Tinstall Tcheck Ttotal Status Flags
r-devel-linux-x86_64-debian-clang 0.1.0 12.44 306.24 318.68 OK
r-devel-linux-x86_64-debian-gcc 0.1.0 9.96 240.63 250.59 OK
r-devel-linux-x86_64-fedora-clang 0.1.0 379.54 OK
r-devel-linux-x86_64-fedora-gcc 0.1.0 382.73 OK
r-devel-windows-ix86+x86_64 0.1.0 33.00 309.00 342.00 OK
r-patched-linux-x86_64 0.1.0 OK
r-patched-solaris-x86 0.1.0 587.40 OK
r-release-linux-x86_64 0.1.0 13.30 297.89 311.19 OK
r-release-macos-x86_64 0.1.0 OK
r-release-windows-ix86+x86_64 0.1.0 23.00 277.00 300.00 OK
r-oldrel-macos-x86_64 0.1.0 ERROR

Check Details

Version: 0.1.0
Check: whether package can be installed
Result: ERROR
    Installation failed.
Flavor: r-oldrel-macos-x86_64