CRAN Package Check Results for Package swapClass

Last updated on 2020-07-12 02:47:00 CEST.

Flavor Version Tinstall Tcheck Ttotal Status Flags
r-devel-linux-x86_64-debian-clang 1.0.1 3.25 35.55 38.80 OK
r-devel-linux-x86_64-debian-gcc 1.0.1 2.55 26.87 29.42 OK
r-devel-linux-x86_64-fedora-clang 1.0.1 56.22 OK
r-devel-linux-x86_64-fedora-gcc 1.0.1 43.97 OK
r-devel-windows-ix86+x86_64 1.0.1 17.00 75.00 92.00 OK
r-patched-linux-x86_64 1.0.1 2.98 32.63 35.61 OK
r-patched-solaris-x86 1.0.1 89.10 OK
r-release-linux-x86_64 1.0.1 2.92 33.14 36.06 OK
r-release-macos-x86_64 1.0.1 NOTE
r-release-windows-ix86+x86_64 1.0.1 16.00 62.00 78.00 OK
r-oldrel-macos-x86_64 1.0.1 OK
r-oldrel-windows-ix86+x86_64 1.0.1 19.00 68.00 87.00 OK

Check Details

Version: 1.0.1
Check: R code for possible problems
Result: NOTE
    ld: warning: text-based stub file /System/Library/Frameworks//CoreFoundation.framework/CoreFoundation.tbd and library file /System/Library/Frameworks//CoreFoundation.framework/CoreFoundation are out of sync. Falling back to library file for linking.
Flavor: r-release-macos-x86_64