CRAN Package Check Results for Package swatches

Last updated on 2021-10-24 10:49:58 CEST.

Flavor Version Tinstall Tcheck Ttotal Status Flags
r-devel-linux-x86_64-debian-clang 0.5.0 4.03 32.95 36.98 OK
r-devel-linux-x86_64-debian-gcc 0.5.0 2.83 25.88 28.71 OK
r-devel-linux-x86_64-fedora-clang 0.5.0 54.62 OK
r-devel-linux-x86_64-fedora-gcc 0.5.0 44.16 OK
r-devel-windows-x86_64 0.5.0 8.00 39.00 47.00 OK
r-devel-windows-x86_64-gcc10-UCRT 0.5.0 FAIL
r-patched-linux-x86_64 0.5.0 3.66 31.52 35.18 OK
r-patched-solaris-x86 0.5.0 74.90 OK
r-release-linux-x86_64 0.5.0 3.48 31.44 34.92 OK
r-release-macos-arm64 0.5.0 OK
r-release-macos-x86_64 0.5.0 OK
r-release-windows-ix86+x86_64 0.5.0 8.00 64.00 72.00 OK
r-oldrel-macos-x86_64 0.5.0 OK
r-oldrel-windows-ix86+x86_64 0.5.0 11.00 65.00 76.00 OK

Check Details

Version: 0.5.0
Check: PDF version of manual
Result: FAIL
Flavor: r-devel-windows-x86_64-gcc10-UCRT