CRAN Package Check Results for Package swdpwr

Last updated on 2024-03-05 07:56:38 CET.

Flavor Version Tinstall Tcheck Ttotal Status Flags
r-devel-linux-x86_64-debian-clang 1.9 20.82 78.40 99.22 OK
r-devel-linux-x86_64-debian-gcc 1.9 15.68 57.75 73.43 OK
r-devel-linux-x86_64-fedora-clang 1.9 121.79 NOTE
r-devel-linux-x86_64-fedora-gcc 1.9 121.72 OK
r-devel-windows-x86_64 1.9 26.00 76.00 102.00 OK
r-patched-linux-x86_64 1.9 23.63 75.73 99.36 OK
r-release-linux-x86_64 1.9 23.80 76.01 99.81 OK
r-release-macos-arm64 1.9 43.00 OK
r-release-macos-x86_64 1.9 95.00 OK
r-release-windows-x86_64 1.9 31.00 90.00 121.00 OK
r-oldrel-macos-arm64 1.9 110.00 OK
r-oldrel-windows-x86_64 1.9 30.00 91.00 121.00 OK

Check Details

Version: 1.9
Check: installed package size
Result: NOTE installed size is 7.7Mb sub-directories of 1Mb or more: libs 7.5Mb Flavor: r-devel-linux-x86_64-fedora-clang