CRAN Package Check Results for Package swissparl

Last updated on 2021-09-27 23:50:56 CEST.

Flavor Version Tinstall Tcheck Ttotal Status Flags
r-devel-linux-x86_64-debian-clang 0.2.1 5.79 52.77 58.56 OK
r-devel-linux-x86_64-debian-gcc 0.2.1 4.69 38.68 43.37 OK
r-devel-linux-x86_64-fedora-clang 0.2.1 79.02 NOTE
r-devel-linux-x86_64-fedora-gcc 0.2.1 64.92 NOTE
r-devel-windows-x86_64 0.2.1 9.00 53.00 62.00 OK
r-devel-windows-x86_64-gcc10-UCRT 0.2.1 NOTE
r-patched-linux-x86_64 0.2.1 6.02 48.38 54.40 OK
r-patched-solaris-x86 0.2.1 102.40 NOTE
r-release-linux-x86_64 0.2.1 5.68 48.49 54.17 OK
r-release-macos-arm64 0.2.1 NOTE
r-release-macos-x86_64 0.2.1 NOTE
r-release-windows-ix86+x86_64 0.2.1 14.00 49.00 63.00 OK
r-oldrel-macos-x86_64 0.2.1 NOTE
r-oldrel-windows-ix86+x86_64 0.2.1 11.00 53.00 64.00 OK

Check Details

Version: 0.2.1
Check: dependencies in R code
Result: NOTE
    Namespace in Imports field not imported from: ‘lubridate’
     All declared Imports should be used.
Flavors: r-devel-linux-x86_64-fedora-clang, r-devel-linux-x86_64-fedora-gcc, r-devel-windows-x86_64-gcc10-UCRT, r-patched-solaris-x86, r-release-macos-arm64, r-release-macos-x86_64, r-oldrel-macos-x86_64