CRAN Package Check Results for Package switchSelection

Last updated on 2024-02-27 14:49:39 CET.

Flavor Version Tinstall Tcheck Ttotal Status Flags
r-devel-linux-x86_64-debian-clang 1.1.2 98.67 69.02 167.69 OK
r-devel-linux-x86_64-debian-gcc 1.1.2 81.32 49.93 131.25 OK
r-devel-linux-x86_64-fedora-clang 1.1.2 216.38 OK
r-devel-linux-x86_64-fedora-gcc 1.1.2 234.72 OK
r-devel-windows-x86_64 1.1.2 71.00 101.00 172.00 OK
r-patched-linux-x86_64 1.1.2 97.67 66.12 163.79 OK
r-release-linux-x86_64 1.1.2 93.83 64.49 158.32 OK
r-release-macos-arm64 1.1.2 50.00 NOTE
r-release-macos-x86_64 1.1.2 103.00 NOTE
r-release-windows-x86_64 1.1.2 92.00 114.00 206.00 OK
r-oldrel-macos-arm64 1.1.2 58.00 NOTE
r-oldrel-windows-x86_64 1.1.2 88.00 99.00 187.00 OK

Check Details

Version: 1.1.2
Check: installed package size
Result: NOTE installed size is 5.7Mb sub-directories of 1Mb or more: libs 5.0Mb Flavors: r-release-macos-arm64, r-release-macos-x86_64, r-oldrel-macos-arm64