CRAN Package Check Results for Package switchcase

Last updated on 2021-06-18 18:50:39 CEST.

Flavor Version Tinstall Tcheck Ttotal Status Flags
r-devel-linux-x86_64-debian-clang 0.1.1 1.77 19.76 21.53 NOTE
r-devel-linux-x86_64-debian-gcc 0.1.1 1.40 15.81 17.21 NOTE
r-devel-linux-x86_64-fedora-clang 0.1.1 36.37 NOTE
r-devel-linux-x86_64-fedora-gcc 0.1.1 25.46 NOTE
r-devel-windows-x86_64 0.1.1 4.00 30.00 34.00 NOTE
r-devel-windows-x86_64-gcc10-UCRT 0.1.1 NOTE
r-patched-linux-x86_64 0.1.1 1.77 19.61 21.38 NOTE
r-patched-solaris-x86 0.1.1 41.10 NOTE
r-release-linux-x86_64 0.1.1 1.65 19.40 21.05 NOTE
r-release-macos-arm64 0.1.1 NOTE
r-release-macos-x86_64 0.1.1 NOTE
r-release-windows-ix86+x86_64 0.1.1 4.00 25.00 29.00 NOTE
r-oldrel-macos-x86_64 0.1.1 OK
r-oldrel-windows-ix86+x86_64 0.1.1 3.00 22.00 25.00 OK

Check Details

Version: 0.1.1
Check: LazyData
Result: NOTE
     'LazyData' is specified without a 'data' directory
Flavors: r-devel-linux-x86_64-debian-clang, r-devel-linux-x86_64-debian-gcc, r-devel-linux-x86_64-fedora-clang, r-devel-linux-x86_64-fedora-gcc, r-devel-windows-x86_64, r-devel-windows-x86_64-gcc10-UCRT, r-patched-linux-x86_64, r-patched-solaris-x86, r-release-linux-x86_64, r-release-macos-arm64, r-release-macos-x86_64, r-release-windows-ix86+x86_64