CRAN Package Check Results for Package switchnpreg

Last updated on 2020-04-09 22:50:41 CEST.

Flavor Version Tinstall Tcheck Ttotal Status Flags
r-devel-linux-x86_64-debian-clang 0.8-0 7.38 59.49 66.87 NOTE
r-devel-linux-x86_64-debian-gcc 0.8-0 6.92 47.28 54.20 NOTE
r-devel-linux-x86_64-fedora-clang 0.8-0 84.17 NOTE
r-devel-linux-x86_64-fedora-gcc 0.8-0 83.78 NOTE
r-devel-windows-ix86+x86_64 0.8-0 15.00 104.00 119.00 NOTE
r-devel-windows-ix86+x86_64-gcc8 0.8-0 15.00 67.00 82.00 NOTE
r-patched-linux-x86_64 0.8-0 5.67 58.24 63.91 NOTE
r-patched-osx-x86_64 0.8-0 NOTE
r-patched-solaris-x86 0.8-0 128.80 NOTE
r-release-linux-x86_64 0.8-0 6.14 53.50 59.64 NOTE
r-release-windows-ix86+x86_64 0.8-0 14.00 85.00 99.00 NOTE
r-release-osx-x86_64 0.8-0 NOTE
r-oldrel-windows-ix86+x86_64 0.8-0 11.00 63.00 74.00 NOTE
r-oldrel-osx-x86_64 0.8-0 NOTE

Check Details

Version: 0.8-0
Check: dependencies in R code
Result: NOTE
    Packages in Depends field not imported from:
     'MASS' 'fda' 'splines'
     These packages need to be imported from (in the NAMESPACE file)
     for when this namespace is loaded but not attached.
Flavors: r-devel-linux-x86_64-debian-clang, r-devel-linux-x86_64-debian-gcc, r-devel-linux-x86_64-fedora-clang, r-devel-linux-x86_64-fedora-gcc, r-devel-windows-ix86+x86_64, r-devel-windows-ix86+x86_64-gcc8, r-patched-linux-x86_64, r-patched-osx-x86_64, r-patched-solaris-x86, r-release-linux-x86_64, r-release-windows-ix86+x86_64, r-release-osx-x86_64, r-oldrel-windows-ix86+x86_64, r-oldrel-osx-x86_64

Version: 0.8-0
Check: R code for possible problems
Result: NOTE
    fj_pl: no visible global function definition for 'getbasismatrix'
    fj_pl: no visible global function definition for 'create.bspline.basis'
    fj_pl: no visible global function definition for 'getbasispenalty'
    forward_backward.quantities : <anonymous>: no visible global function
     definition for 'dnorm'
    function_cases1AND2: no visible global function definition for 'dnorm'
    function_cases3AND4: no visible global function definition for 'dnorm'
    pij_iid: no visible global function definition for 'dnorm'
    pilj: no visible global function definition for 'dnorm'
    updateLambda: no visible global function definition for 'optimize'
    Undefined global functions or variables:
     create.bspline.basis dnorm getbasismatrix getbasispenalty optimize
    Consider adding
     importFrom("stats", "dnorm", "optimize")
    to your NAMESPACE file.
Flavors: r-devel-linux-x86_64-debian-clang, r-devel-linux-x86_64-debian-gcc, r-devel-linux-x86_64-fedora-clang, r-devel-linux-x86_64-fedora-gcc, r-devel-windows-ix86+x86_64, r-devel-windows-ix86+x86_64-gcc8, r-patched-linux-x86_64, r-patched-osx-x86_64, r-patched-solaris-x86, r-release-linux-x86_64, r-release-windows-ix86+x86_64, r-release-osx-x86_64, r-oldrel-windows-ix86+x86_64, r-oldrel-osx-x86_64